{"id":1060,"date":"2017-10-26T09:52:44","date_gmt":"2017-10-26T07:52:44","guid":{"rendered":"http:\/\/www.biso.fr\/?page_id=1060"},"modified":"2023-06-19T14:31:31","modified_gmt":"2023-06-19T12:31:31","slug":"chariot-de-voirie-2","status":"publish","type":"page","link":"https:\/\/www.biso-aquitaine.fr\/index.php\/chariot-de-voirie-2\/","title":{"rendered":"CHARIOT DE VOIRIE"},"content":{"rendered":"\t\t<div data-elementor-type=\"wp-post\" data-elementor-id=\"1060\" class=\"elementor elementor-1060\">\n\t\t\t\t\t\t<section class=\"elementor-section elementor-top-section elementor-element elementor-element-xeigfbw elementor-section-boxed elementor-section-height-default elementor-section-height-default\" data-id=\"xeigfbw\" data-element_type=\"section\">\n\t\t\t\t\t\t<div class=\"elementor-container elementor-column-gap-default\">\n\t\t\t\t\t<div class=\"elementor-column elementor-col-100 elementor-top-column elementor-element elementor-element-whuqebk\" data-id=\"whuqebk\" data-element_type=\"column\">\n\t\t\t<div class=\"elementor-widget-wrap elementor-element-populated\">\n\t\t\t\t\t\t<div class=\"elementor-element elementor-element-8a6c409 elementor-align-right elementor-widget elementor-widget-button\" data-id=\"8a6c409\" data-element_type=\"widget\" data-widget_type=\"button.default\">\n\t\t\t\t<div class=\"elementor-widget-container\">\n\t\t\t\t\t\t\t\t\t<div class=\"elementor-button-wrapper\">\n\t\t\t\t\t<a class=\"elementor-button elementor-button-link elementor-size-lg\" href=\"http:\/\/www.biso.fr\/wp-content\/uploads\/2017\/11\/Catalogue-chariots-2018.pdf\">\n\t\t\t\t\t\t<span class=\"elementor-button-content-wrapper\">\n\t\t\t\t\t\t\t\t\t<span class=\"elementor-button-text\">\u00e0 t\u00e9l\u00e9charger Catalogue Chariots<\/span>\n\t\t\t\t\t<\/span>\n\t\t\t\t\t<\/a>\n\t\t\t\t<\/div>\n\t\t\t\t\t\t\t\t<\/div>\n\t\t\t\t<\/div>\n\t\t\t\t<div class=\"elementor-element elementor-element-ojfrp2n elementor-widget elementor-widget-heading\" data-id=\"ojfrp2n\" data-element_type=\"widget\" data-widget_type=\"heading.default\">\n\t\t\t\t<div class=\"elementor-widget-container\">\n\t\t\t\t\t<h2 class=\"elementor-heading-title elementor-size-default\">Le chariot de voirie<\/h2>\t\t\t\t<\/div>\n\t\t\t\t<\/div>\n\t\t\t\t<div class=\"elementor-element elementor-element-2946838 elementor-widget elementor-widget-text-editor\" data-id=\"2946838\" data-element_type=\"widget\" data-widget_type=\"text-editor.default\">\n\t\t\t\t<div class=\"elementor-widget-container\">\n\t\t\t\t\t\t\t\t\t<p><span style=\"letter-spacing: 0.2px;\">Le chariot de voirie est r\u00e9sistant aux intemp\u00e9ries et aux UV gr\u00e2ce \u00e0 son rev\u00eatement. Ce\u00a0<\/span><span style=\"letter-spacing: 0.2px; font-weight: var( --e-global-typography-text-font-weight );\">chariot est donc l&rsquo;outil indispensable pour accompagner les op\u00e9rateurs dans le nettoyage de la voirie.<\/span><\/p>\t\t\t\t\t\t\t\t<\/div>\n\t\t\t\t<\/div>\n\t\t\t\t<div class=\"elementor-element elementor-element-bd1ff57 elementor-widget elementor-widget-heading\" data-id=\"bd1ff57\" data-element_type=\"widget\" data-widget_type=\"heading.default\">\n\t\t\t\t<div class=\"elementor-widget-container\">\n\t\t\t\t\t<h2 class=\"elementor-heading-title elementor-size-default\">Chariot simple<\/h2>\t\t\t\t<\/div>\n\t\t\t\t<\/div>\n\t\t\t\t<div class=\"elementor-element elementor-element-tjwweut elementor-widget elementor-widget-text-editor\" data-id=\"tjwweut\" data-element_type=\"widget\" data-widget_type=\"text-editor.default\">\n\t\t\t\t<div class=\"elementor-widget-container\">\n\t\t\t\t\t\t\t\t\t<p>Le chariot de voirie simple d\u00e9tient un anneau porte-sac d&rsquo;une capacit\u00e9 de 120 L. De plus, un \u00e9lastique permet de maintenir le sac en place. Le chariot comprend \u00e9galement 4 supports de manches inclin\u00e9s vers l&rsquo;avant pour faciliter le rangement. Un poign\u00e9e en plastique est pr\u00e9sente afin de permettre un bon maintien du chariot. Les 2 roues arri\u00e8res ( dimension : 260 mmm ) permettent \u00e0 l&rsquo;op\u00e9rateur de transporter le chariot sans effort.<\/p>\t\t\t\t\t\t\t\t<\/div>\n\t\t\t\t<\/div>\n\t\t\t\t\t<\/div>\n\t\t<\/div>\n\t\t\t\t\t<\/div>\n\t\t<\/section>\n\t\t\t\t<section class=\"elementor-section elementor-top-section elementor-element elementor-element-0bvmsvq elementor-section-boxed elementor-section-height-default elementor-section-height-default\" data-id=\"0bvmsvq\" data-element_type=\"section\">\n\t\t\t\t\t\t<div class=\"elementor-container elementor-column-gap-default\">\n\t\t\t\t\t<div class=\"elementor-column elementor-col-50 elementor-top-column elementor-element elementor-element-bys8zpr\" data-id=\"bys8zpr\" data-element_type=\"column\">\n\t\t\t<div class=\"elementor-widget-wrap elementor-element-populated\">\n\t\t\t\t\t\t<div class=\"elementor-element elementor-element-e3m712z elementor-widget elementor-widget-image\" data-id=\"e3m712z\" data-element_type=\"widget\" data-widget_type=\"image.default\">\n\t\t\t\t<div class=\"elementor-widget-container\">\n\t\t\t\t\t\t\t\t\t\t\t\t\t\t\t<img fetchpriority=\"high\" decoding=\"async\" width=\"300\" height=\"300\" src=\"https:\/\/www.biso-aquitaine.fr\/wp-content\/uploads\/2017\/10\/chariot-de-voirie-300x300.jpg\" class=\"attachment-medium size-medium wp-image-1061\" alt=\"chariot de voirie - apfn hygi\u00e8ne\" srcset=\"https:\/\/www.biso-aquitaine.fr\/wp-content\/uploads\/2017\/10\/chariot-de-voirie-300x300.jpg 300w, https:\/\/www.biso-aquitaine.fr\/wp-content\/uploads\/2017\/10\/chariot-de-voirie-150x150.jpg 150w, https:\/\/www.biso-aquitaine.fr\/wp-content\/uploads\/2017\/10\/chariot-de-voirie.jpg 600w\" sizes=\"(max-width: 300px) 100vw, 300px\" \/>\t\t\t\t\t\t\t\t\t\t\t\t\t\t\t<\/div>\n\t\t\t\t<\/div>\n\t\t\t\t\t<\/div>\n\t\t<\/div>\n\t\t\t\t<div class=\"elementor-column elementor-col-50 elementor-top-column elementor-element elementor-element-ujblxh3\" data-id=\"ujblxh3\" data-element_type=\"column\">\n\t\t\t<div class=\"elementor-widget-wrap elementor-element-populated\">\n\t\t\t\t\t\t<div class=\"elementor-element elementor-element-6jh6wid elementor-widget elementor-widget-text-editor\" data-id=\"6jh6wid\" data-element_type=\"widget\" data-widget_type=\"text-editor.default\">\n\t\t\t\t<div class=\"elementor-widget-container\">\n\t\t\t\t\t\t\t\t\t<p>Le chariot comprend :<\/p>\t\t\t\t\t\t\t\t<\/div>\n\t\t\t\t<\/div>\n\t\t\t\t<div class=\"elementor-element elementor-element-eiqjqbl elementor-widget elementor-widget-text-editor\" data-id=\"eiqjqbl\" data-element_type=\"widget\" data-widget_type=\"text-editor.default\">\n\t\t\t\t<div class=\"elementor-widget-container\">\n\t\t\t\t\t\t\t\t\t<ul><li>un Chariot de voirie<\/li><li>un Balai street<\/li><li>un support poubelle galvanis\u00e9<\/li><li>une Poubelle 25 L<\/li><li>un Porte outil<\/li><li>une Pince d\u00e9chet<\/li><li>une Pelle alpine<\/li><\/ul>\t\t\t\t\t\t\t\t<\/div>\n\t\t\t\t<\/div>\n\t\t\t\t\t<\/div>\n\t\t<\/div>\n\t\t\t\t\t<\/div>\n\t\t<\/section>\n\t\t\t\t<section class=\"elementor-section elementor-top-section elementor-element elementor-element-5bb9939 elementor-section-boxed elementor-section-height-default elementor-section-height-default\" data-id=\"5bb9939\" data-element_type=\"section\">\n\t\t\t\t\t\t<div class=\"elementor-container elementor-column-gap-default\">\n\t\t\t\t\t<div class=\"elementor-column elementor-col-100 elementor-top-column elementor-element elementor-element-0a932cf\" data-id=\"0a932cf\" data-element_type=\"column\">\n\t\t\t<div class=\"elementor-widget-wrap elementor-element-populated\">\n\t\t\t\t\t\t<div class=\"elementor-element elementor-element-3dda0a5 elementor-widget elementor-widget-spacer\" data-id=\"3dda0a5\" data-element_type=\"widget\" data-widget_type=\"spacer.default\">\n\t\t\t\t<div class=\"elementor-widget-container\">\n\t\t\t\t\t\t\t<div class=\"elementor-spacer\">\n\t\t\t<div class=\"elementor-spacer-inner\"><\/div>\n\t\t<\/div>\n\t\t\t\t\t\t<\/div>\n\t\t\t\t<\/div>\n\t\t\t\t<div class=\"elementor-element elementor-element-1e93269 elementor-widget elementor-widget-heading\" data-id=\"1e93269\" data-element_type=\"widget\" data-widget_type=\"heading.default\">\n\t\t\t\t<div class=\"elementor-widget-container\">\n\t\t\t\t\t<h2 class=\"elementor-heading-title elementor-size-default\">Chariot rigide<\/h2>\t\t\t\t<\/div>\n\t\t\t\t<\/div>\n\t\t\t\t<div class=\"elementor-element elementor-element-3e06386 elementor-widget elementor-widget-text-editor\" data-id=\"3e06386\" data-element_type=\"widget\" data-widget_type=\"text-editor.default\">\n\t\t\t\t<div class=\"elementor-widget-container\">\n\t\t\t\t\t\t\t\t\t<p><span style=\"letter-spacing: 0.2px;\">Le chariot de voirie rigide d\u00e9tient un container de 120L. Le chariot comprend \u00e9galement 4 supports de manches inclin\u00e9s vers l&rsquo;avant pour faciliter le rangement. Un poign\u00e9e en plastique est pr\u00e9sente afin de permettre un bon maintien du chariot. Les 2 roues arri\u00e8res ( dimension : 260 mmm ) permettent \u00e0 l&rsquo;op\u00e9rateur de transporter le chariot sans effort.<\/span><\/p>\t\t\t\t\t\t\t\t<\/div>\n\t\t\t\t<\/div>\n\t\t\t\t\t<\/div>\n\t\t<\/div>\n\t\t\t\t\t<\/div>\n\t\t<\/section>\n\t\t\t\t<section class=\"elementor-section elementor-top-section elementor-element elementor-element-18080e0 elementor-section-boxed elementor-section-height-default elementor-section-height-default\" data-id=\"18080e0\" data-element_type=\"section\">\n\t\t\t\t\t\t<div class=\"elementor-container elementor-column-gap-default\">\n\t\t\t\t\t<div class=\"elementor-column elementor-col-100 elementor-top-column elementor-element elementor-element-91b7de2\" data-id=\"91b7de2\" data-element_type=\"column\">\n\t\t\t<div class=\"elementor-widget-wrap elementor-element-populated\">\n\t\t\t\t\t\t<section class=\"elementor-section elementor-inner-section elementor-element elementor-element-dd6598a elementor-section-boxed elementor-section-height-default elementor-section-height-default\" data-id=\"dd6598a\" data-element_type=\"section\">\n\t\t\t\t\t\t<div class=\"elementor-container elementor-column-gap-default\">\n\t\t\t\t\t<div class=\"elementor-column elementor-col-50 elementor-inner-column elementor-element elementor-element-73e2447\" data-id=\"73e2447\" data-element_type=\"column\">\n\t\t\t<div class=\"elementor-widget-wrap elementor-element-populated\">\n\t\t\t\t\t\t<div class=\"elementor-element elementor-element-0591a65 elementor-widget elementor-widget-image\" data-id=\"0591a65\" data-element_type=\"widget\" data-widget_type=\"image.default\">\n\t\t\t\t<div class=\"elementor-widget-container\">\n\t\t\t\t\t\t\t\t\t\t\t\t\t\t\t<img decoding=\"async\" width=\"191\" height=\"191\" src=\"https:\/\/www.biso-aquitaine.fr\/wp-content\/uploads\/2020\/09\/chariot-de-voirie-rigide.jpg\" class=\"attachment-2048x2048 size-2048x2048 wp-image-2360\" alt=\"\" srcset=\"https:\/\/www.biso-aquitaine.fr\/wp-content\/uploads\/2020\/09\/chariot-de-voirie-rigide.jpg 191w, https:\/\/www.biso-aquitaine.fr\/wp-content\/uploads\/2020\/09\/chariot-de-voirie-rigide-150x150.jpg 150w\" sizes=\"(max-width: 191px) 100vw, 191px\" \/>\t\t\t\t\t\t\t\t\t\t\t\t\t\t\t<\/div>\n\t\t\t\t<\/div>\n\t\t\t\t<div class=\"elementor-element elementor-element-64af5e7 elementor-widget elementor-widget-text-editor\" data-id=\"64af5e7\" data-element_type=\"widget\" data-widget_type=\"text-editor.default\">\n\t\t\t\t<div class=\"elementor-widget-container\">\n\t\t\t\t\t\t\t\t\t<p><a href=\"https:\/\/www.biso-aquitaine.fr\/wp-content\/uploads\/2020\/09\/Fiche-produit-chariot-de-voirie-avec-container.pdf\">Fiche produit chariot de voirie avec container<\/a><\/p>\t\t\t\t\t\t\t\t<\/div>\n\t\t\t\t<\/div>\n\t\t\t\t\t<\/div>\n\t\t<\/div>\n\t\t\t\t<div class=\"elementor-column elementor-col-50 elementor-inner-column elementor-element elementor-element-5ba789e\" data-id=\"5ba789e\" data-element_type=\"column\">\n\t\t\t<div class=\"elementor-widget-wrap elementor-element-populated\">\n\t\t\t\t\t\t<div class=\"elementor-element elementor-element-d340631 elementor-widget elementor-widget-text-editor\" data-id=\"d340631\" data-element_type=\"widget\" data-widget_type=\"text-editor.default\">\n\t\t\t\t<div class=\"elementor-widget-container\">\n\t\t\t\t\t\t\t\t\t<p>Le chariot comprend :<\/p>\n<ul>\n<li>Un chariot de voirie<\/li>\n<li>Un Balai street<\/li><li>une Pince d\u00e9chet<\/li><li>une Pelle alpine<\/li>\n<li>Un container de 120L<\/li>\n<li>4 Supports manche inclin\u00e9s vers l\u2019avant<\/li>\n<li>Une poign\u00e9e de maintien plastifi\u00e9e<\/li>\n<li>2 Roues arri\u00e8res \u00d8 260 mm<\/li>\n<\/ul>\t\t\t\t\t\t\t\t<\/div>\n\t\t\t\t<\/div>\n\t\t\t\t\t<\/div>\n\t\t<\/div>\n\t\t\t\t\t<\/div>\n\t\t<\/section>\n\t\t\t\t\t<\/div>\n\t\t<\/div>\n\t\t\t\t\t<\/div>\n\t\t<\/section>\n\t\t\t\t<\/div>\n\t\t","protected":false},"excerpt":{"rendered":"<div class=\"slide-text-bg2\"><span>\u00e0 t\u00e9l\u00e9charger Catalogue Chariots Le chariot de voirie Le chariot de voirie est r\u00e9sistant aux intemp\u00e9ries et aux UV gr\u00e2ce \u00e0 son rev\u00eatement. Ce\u00a0char<\/span><\/div>\n<div class=\"slide-btn-area-sm\"><a href=\"https:\/\/www.biso-aquitaine.fr\/index.php\/chariot-de-voirie-2\/\" class=\"slide-btn-sm\">Lire la suite<\/a><\/div>\n","protected":false},"author":2,"featured_media":0,"parent":0,"menu_order":0,"comment_status":"closed","ping_status":"closed","template":"","meta":{"footnotes":""},"class_list":["post-1060","page","type-page","status-publish","hentry"],"yoast_head":"<!-- This site is optimized with the Yoast SEO plugin v26.8 - https:\/\/yoast.com\/product\/yoast-seo-wordpress\/ -->\n<title>Chariot de voirie - Filmop - distributeur apfn hygi\u00e8ne<\/title>\n<meta name=\"description\" content=\"Le chariot de voirie est id\u00e9al pour accompagner les op\u00e9rateurs dans le nettoyage de la voirie. R\u00e9sistant et maniable, il sera r\u00e9pondre \u00e0 vos besoins.\" \/>\n<meta name=\"robots\" content=\"index, follow, max-snippet:-1, max-image-preview:large, max-video-preview:-1\" \/>\n<link rel=\"canonical\" href=\"https:\/\/www.biso-aquitaine.fr\/index.php\/chariot-de-voirie-2\/\" \/>\n<meta property=\"og:locale\" content=\"fr_FR\" \/>\n<meta property=\"og:type\" content=\"article\" \/>\n<meta property=\"og:title\" content=\"Chariot de voirie - Filmop - distributeur apfn hygi\u00e8ne\" \/>\n<meta property=\"og:description\" content=\"Le chariot de voirie est id\u00e9al pour accompagner les op\u00e9rateurs dans le nettoyage de la voirie. R\u00e9sistant et maniable, il sera r\u00e9pondre \u00e0 vos besoins.\" \/>\n<meta property=\"og:url\" content=\"https:\/\/www.biso-aquitaine.fr\/index.php\/chariot-de-voirie-2\/\" \/>\n<meta property=\"article:publisher\" content=\"https:\/\/www.facebook.com\/apfn-hygi%c3%a8ne-145838925596381\/?ref=bookmarks\" \/>\n<meta property=\"article:modified_time\" content=\"2023-06-19T12:31:31+00:00\" \/>\n<meta property=\"og:image\" content=\"https:\/\/www.biso-aquitaine.fr\/wp-content\/uploads\/2017\/10\/chariot-de-voirie-300x300.jpg\" \/>\n<meta name=\"twitter:card\" content=\"summary_large_image\" \/>\n<meta name=\"twitter:label1\" content=\"Dur\u00e9e de lecture estim\u00e9e\" \/>\n\t<meta name=\"twitter:data1\" content=\"2 minutes\" \/>\n<script type=\"application\/ld+json\" class=\"yoast-schema-graph\">{\"@context\":\"https:\/\/schema.org\",\"@graph\":[{\"@type\":\"WebPage\",\"@id\":\"https:\/\/www.biso-aquitaine.fr\/index.php\/chariot-de-voirie-2\/\",\"url\":\"https:\/\/www.biso-aquitaine.fr\/index.php\/chariot-de-voirie-2\/\",\"name\":\"Chariot de voirie - Filmop - distributeur apfn hygi\u00e8ne\",\"isPartOf\":{\"@id\":\"https:\/\/www.biso-aquitaine.fr\/#website\"},\"primaryImageOfPage\":{\"@id\":\"https:\/\/www.biso-aquitaine.fr\/index.php\/chariot-de-voirie-2\/#primaryimage\"},\"image\":{\"@id\":\"https:\/\/www.biso-aquitaine.fr\/index.php\/chariot-de-voirie-2\/#primaryimage\"},\"thumbnailUrl\":\"https:\/\/www.biso-aquitaine.fr\/wp-content\/uploads\/2017\/10\/chariot-de-voirie-300x300.jpg\",\"datePublished\":\"2017-10-26T07:52:44+00:00\",\"dateModified\":\"2023-06-19T12:31:31+00:00\",\"description\":\"Le chariot de voirie est id\u00e9al pour accompagner les op\u00e9rateurs dans le nettoyage de la voirie. R\u00e9sistant et maniable, il sera r\u00e9pondre \u00e0 vos besoins.\",\"inLanguage\":\"fr-FR\",\"potentialAction\":[{\"@type\":\"ReadAction\",\"target\":[\"https:\/\/www.biso-aquitaine.fr\/index.php\/chariot-de-voirie-2\/\"]}]},{\"@type\":\"ImageObject\",\"inLanguage\":\"fr-FR\",\"@id\":\"https:\/\/www.biso-aquitaine.fr\/index.php\/chariot-de-voirie-2\/#primaryimage\",\"url\":\"https:\/\/www.biso-aquitaine.fr\/wp-content\/uploads\/2017\/10\/chariot-de-voirie.jpg\",\"contentUrl\":\"https:\/\/www.biso-aquitaine.fr\/wp-content\/uploads\/2017\/10\/chariot-de-voirie.jpg\",\"width\":600,\"height\":600,\"caption\":\"chariot de voirie - apfn hygi\u00e8ne\"},{\"@type\":\"WebSite\",\"@id\":\"https:\/\/www.biso-aquitaine.fr\/#website\",\"url\":\"https:\/\/www.biso-aquitaine.fr\/\",\"name\":\"\",\"description\":\"\",\"potentialAction\":[{\"@type\":\"SearchAction\",\"target\":{\"@type\":\"EntryPoint\",\"urlTemplate\":\"https:\/\/www.biso-aquitaine.fr\/?s={search_term_string}\"},\"query-input\":{\"@type\":\"PropertyValueSpecification\",\"valueRequired\":true,\"valueName\":\"search_term_string\"}}],\"inLanguage\":\"fr-FR\"}]}<\/script>\n<!-- \/ Yoast SEO plugin. -->","yoast_head_json":{"title":"Chariot de voirie - Filmop - distributeur apfn hygi\u00e8ne","description":"Le chariot de voirie est id\u00e9al pour accompagner les op\u00e9rateurs dans le nettoyage de la voirie. R\u00e9sistant et maniable, il sera r\u00e9pondre \u00e0 vos besoins.","robots":{"index":"index","follow":"follow","max-snippet":"max-snippet:-1","max-image-preview":"max-image-preview:large","max-video-preview":"max-video-preview:-1"},"canonical":"https:\/\/www.biso-aquitaine.fr\/index.php\/chariot-de-voirie-2\/","og_locale":"fr_FR","og_type":"article","og_title":"Chariot de voirie - Filmop - distributeur apfn hygi\u00e8ne","og_description":"Le chariot de voirie est id\u00e9al pour accompagner les op\u00e9rateurs dans le nettoyage de la voirie. R\u00e9sistant et maniable, il sera r\u00e9pondre \u00e0 vos besoins.","og_url":"https:\/\/www.biso-aquitaine.fr\/index.php\/chariot-de-voirie-2\/","article_publisher":"https:\/\/www.facebook.com\/apfn-hygi%c3%a8ne-145838925596381\/?ref=bookmarks","article_modified_time":"2023-06-19T12:31:31+00:00","og_image":[{"url":"https:\/\/www.biso-aquitaine.fr\/wp-content\/uploads\/2017\/10\/chariot-de-voirie-300x300.jpg","type":"","width":"","height":""}],"twitter_card":"summary_large_image","twitter_misc":{"Dur\u00e9e de lecture estim\u00e9e":"2 minutes"},"schema":{"@context":"https:\/\/schema.org","@graph":[{"@type":"WebPage","@id":"https:\/\/www.biso-aquitaine.fr\/index.php\/chariot-de-voirie-2\/","url":"https:\/\/www.biso-aquitaine.fr\/index.php\/chariot-de-voirie-2\/","name":"Chariot de voirie - Filmop - distributeur apfn hygi\u00e8ne","isPartOf":{"@id":"https:\/\/www.biso-aquitaine.fr\/#website"},"primaryImageOfPage":{"@id":"https:\/\/www.biso-aquitaine.fr\/index.php\/chariot-de-voirie-2\/#primaryimage"},"image":{"@id":"https:\/\/www.biso-aquitaine.fr\/index.php\/chariot-de-voirie-2\/#primaryimage"},"thumbnailUrl":"https:\/\/www.biso-aquitaine.fr\/wp-content\/uploads\/2017\/10\/chariot-de-voirie-300x300.jpg","datePublished":"2017-10-26T07:52:44+00:00","dateModified":"2023-06-19T12:31:31+00:00","description":"Le chariot de voirie est id\u00e9al pour accompagner les op\u00e9rateurs dans le nettoyage de la voirie. R\u00e9sistant et maniable, il sera r\u00e9pondre \u00e0 vos besoins.","inLanguage":"fr-FR","potentialAction":[{"@type":"ReadAction","target":["https:\/\/www.biso-aquitaine.fr\/index.php\/chariot-de-voirie-2\/"]}]},{"@type":"ImageObject","inLanguage":"fr-FR","@id":"https:\/\/www.biso-aquitaine.fr\/index.php\/chariot-de-voirie-2\/#primaryimage","url":"https:\/\/www.biso-aquitaine.fr\/wp-content\/uploads\/2017\/10\/chariot-de-voirie.jpg","contentUrl":"https:\/\/www.biso-aquitaine.fr\/wp-content\/uploads\/2017\/10\/chariot-de-voirie.jpg","width":600,"height":600,"caption":"chariot de voirie - apfn hygi\u00e8ne"},{"@type":"WebSite","@id":"https:\/\/www.biso-aquitaine.fr\/#website","url":"https:\/\/www.biso-aquitaine.fr\/","name":"","description":"","potentialAction":[{"@type":"SearchAction","target":{"@type":"EntryPoint","urlTemplate":"https:\/\/www.biso-aquitaine.fr\/?s={search_term_string}"},"query-input":{"@type":"PropertyValueSpecification","valueRequired":true,"valueName":"search_term_string"}}],"inLanguage":"fr-FR"}]}},"_links":{"self":[{"href":"https:\/\/www.biso-aquitaine.fr\/index.php\/wp-json\/wp\/v2\/pages\/1060","targetHints":{"allow":["GET"]}}],"collection":[{"href":"https:\/\/www.biso-aquitaine.fr\/index.php\/wp-json\/wp\/v2\/pages"}],"about":[{"href":"https:\/\/www.biso-aquitaine.fr\/index.php\/wp-json\/wp\/v2\/types\/page"}],"author":[{"embeddable":true,"href":"https:\/\/www.biso-aquitaine.fr\/index.php\/wp-json\/wp\/v2\/users\/2"}],"replies":[{"embeddable":true,"href":"https:\/\/www.biso-aquitaine.fr\/index.php\/wp-json\/wp\/v2\/comments?post=1060"}],"version-history":[{"count":16,"href":"https:\/\/www.biso-aquitaine.fr\/index.php\/wp-json\/wp\/v2\/pages\/1060\/revisions"}],"predecessor-version":[{"id":3186,"href":"https:\/\/www.biso-aquitaine.fr\/index.php\/wp-json\/wp\/v2\/pages\/1060\/revisions\/3186"}],"wp:attachment":[{"href":"https:\/\/www.biso-aquitaine.fr\/index.php\/wp-json\/wp\/v2\/media?parent=1060"}],"curies":[{"name":"wp","href":"https:\/\/api.w.org\/{rel}","templated":true}]}}