{"id":179,"date":"2017-09-06T16:47:52","date_gmt":"2017-09-06T14:47:52","guid":{"rendered":"http:\/\/www.biso.fr\/?page_id=179"},"modified":"2018-10-08T10:35:02","modified_gmt":"2018-10-08T08:35:02","slug":"ecogum","status":"publish","type":"page","link":"https:\/\/www.biso-aquitaine.fr\/index.php\/ecogum\/","title":{"rendered":"ECOGUM"},"content":{"rendered":"\t\t<div data-elementor-type=\"wp-post\" data-elementor-id=\"179\" class=\"elementor elementor-179 elementor-bc-flex-widget\">\n\t\t\t\t\t\t<section class=\"elementor-section elementor-top-section elementor-element elementor-element-7acwjtn elementor-section-boxed elementor-section-height-default elementor-section-height-default\" data-id=\"7acwjtn\" data-element_type=\"section\">\n\t\t\t\t\t\t<div class=\"elementor-container elementor-column-gap-default\">\n\t\t\t\t\t<div class=\"elementor-column elementor-col-100 elementor-top-column elementor-element elementor-element-gzebo91\" data-id=\"gzebo91\" data-element_type=\"column\">\n\t\t\t<div class=\"elementor-widget-wrap elementor-element-populated\">\n\t\t\t\t\t\t<div class=\"elementor-element elementor-element-vack14c elementor-widget elementor-widget-image\" data-id=\"vack14c\" data-element_type=\"widget\" data-widget_type=\"image.default\">\n\t\t\t\t<div class=\"elementor-widget-container\">\n\t\t\t\t\t\t\t\t\t\t\t\t\t\t\t\t<a href=\"http:\/\/www.biso.fr\/index.php\/ecogum\/\" target=\"_blank\">\n\t\t\t\t\t\t\t<img decoding=\"async\" width=\"210\" height=\"72\" src=\"https:\/\/www.biso-aquitaine.fr\/wp-content\/uploads\/2017\/09\/thumbnail_Ecogum_Logo.jpg.png\" class=\"attachment-full size-full wp-image-173\" alt=\"ECOGUM - DISTRIBUTEUR - APFN HYGIENE\" \/>\t\t\t\t\t\t\t\t<\/a>\n\t\t\t\t\t\t\t\t\t\t\t\t\t\t\t<\/div>\n\t\t\t\t<\/div>\n\t\t\t\t<div class=\"elementor-element elementor-element-d8pnl36 elementor-widget elementor-widget-heading\" data-id=\"d8pnl36\" data-element_type=\"widget\" data-widget_type=\"heading.default\">\n\t\t\t\t<div class=\"elementor-widget-container\">\n\t\t\t\t\t<h2 class=\"elementor-heading-title elementor-size-default\">Le nettoyage urbain, \u00e9cologique et efficace<\/h2>\t\t\t\t<\/div>\n\t\t\t\t<\/div>\n\t\t\t\t\t<\/div>\n\t\t<\/div>\n\t\t\t\t\t<\/div>\n\t\t<\/section>\n\t\t\t\t<section class=\"elementor-section elementor-top-section elementor-element elementor-element-d4brxei elementor-section-boxed elementor-section-height-default elementor-section-height-default\" data-id=\"d4brxei\" data-element_type=\"section\">\n\t\t\t\t\t\t<div class=\"elementor-container elementor-column-gap-default\">\n\t\t\t\t\t<div class=\"elementor-column elementor-col-50 elementor-top-column elementor-element elementor-element-eicqvsk\" data-id=\"eicqvsk\" data-element_type=\"column\">\n\t\t\t<div class=\"elementor-widget-wrap elementor-element-populated\">\n\t\t\t\t\t\t<div class=\"elementor-element elementor-element-75a98jn elementor-widget elementor-widget-spacer\" data-id=\"75a98jn\" data-element_type=\"widget\" data-widget_type=\"spacer.default\">\n\t\t\t\t<div class=\"elementor-widget-container\">\n\t\t\t\t\t\t\t<div class=\"elementor-spacer\">\n\t\t\t<div class=\"elementor-spacer-inner\"><\/div>\n\t\t<\/div>\n\t\t\t\t\t\t<\/div>\n\t\t\t\t<\/div>\n\t\t\t\t<div class=\"elementor-element elementor-element-jrcterz elementor-widget elementor-widget-image\" data-id=\"jrcterz\" data-element_type=\"widget\" data-widget_type=\"image.default\">\n\t\t\t\t<div class=\"elementor-widget-container\">\n\t\t\t\t\t\t\t\t\t\t\t\t\t\t\t<img fetchpriority=\"high\" decoding=\"async\" width=\"500\" height=\"333\" src=\"https:\/\/www.biso-aquitaine.fr\/wp-content\/uploads\/2017\/09\/2c0d4f_e732e10efbc241a49a9d2ea6aaea8e70mv2.png\" class=\"attachment-large size-large wp-image-181\" alt=\"ECOGUM MAXI\" srcset=\"https:\/\/www.biso-aquitaine.fr\/wp-content\/uploads\/2017\/09\/2c0d4f_e732e10efbc241a49a9d2ea6aaea8e70mv2.png 500w, https:\/\/www.biso-aquitaine.fr\/wp-content\/uploads\/2017\/09\/2c0d4f_e732e10efbc241a49a9d2ea6aaea8e70mv2-300x200.png 300w\" sizes=\"(max-width: 500px) 100vw, 500px\" \/>\t\t\t\t\t\t\t\t\t\t\t\t\t\t\t<\/div>\n\t\t\t\t<\/div>\n\t\t\t\t\t<\/div>\n\t\t<\/div>\n\t\t\t\t<div class=\"elementor-column elementor-col-50 elementor-top-column elementor-element elementor-element-jv41gne\" data-id=\"jv41gne\" data-element_type=\"column\">\n\t\t\t<div class=\"elementor-widget-wrap elementor-element-populated\">\n\t\t\t\t\t\t<div class=\"elementor-element elementor-element-ikz40ep elementor-widget elementor-widget-text-editor\" data-id=\"ikz40ep\" data-element_type=\"widget\" data-widget_type=\"text-editor.default\">\n\t\t\t\t<div class=\"elementor-widget-container\">\n\t\t\t\t\t\t\t\t\t<p>L&rsquo;ECOGUM est une\u00a0solution \u00e9cologique, \u00e9conomique, novatrice et simple d&rsquo;utilisation pour enlever le\u00a0chewing-gum. Le syst\u00e8me est ainsi respectueux de l&rsquo;environnement.<\/p><p>En effet, l&rsquo;ECOGUM supprime les chewing-gim \u00e0 partir de source renouvelable. Il est bas\u00e9e sur un tensioactif de sucre qui\u00a0 rend la mol\u00e9cule totalement biod\u00e9gradable. L&rsquo;appareil vous permet de supprimer un chewing-gum\u00a0incrust\u00e9 en quelques secondes. \u00c0 partir d\u2019une lance coupl\u00e9e \u00e0 un br\u00fbleur aliment\u00e9 au gaz, la gomme \u00e0 m\u00e2cher s\u2019\u00e9vapore instantan\u00e9ment,\u00a0tout en respectant l\u2019environnement.<\/p><p>L&rsquo;ECOGUM supprime les chewing-gums sur tous les supports sans les ab\u00eemer (pierre, marbre, b\u00e9ton, bitume, moquette, cuir, bois, acier, etc).<\/p>\t\t\t\t\t\t\t\t<\/div>\n\t\t\t\t<\/div>\n\t\t\t\t\t<\/div>\n\t\t<\/div>\n\t\t\t\t\t<\/div>\n\t\t<\/section>\n\t\t\t\t<section class=\"elementor-section elementor-top-section elementor-element elementor-element-a05sjyf elementor-section-boxed elementor-section-height-default elementor-section-height-default\" data-id=\"a05sjyf\" data-element_type=\"section\">\n\t\t\t\t\t\t<div class=\"elementor-container elementor-column-gap-default\">\n\t\t\t\t\t<div class=\"elementor-column elementor-col-100 elementor-top-column elementor-element elementor-element-8uk01x3\" data-id=\"8uk01x3\" data-element_type=\"column\">\n\t\t\t<div class=\"elementor-widget-wrap elementor-element-populated\">\n\t\t\t\t\t\t<div class=\"elementor-element elementor-element-zyd1bsi elementor-widget elementor-widget-heading\" data-id=\"zyd1bsi\" data-element_type=\"widget\" data-widget_type=\"heading.default\">\n\t\t\t\t<div class=\"elementor-widget-container\">\n\t\t\t\t\t<h2 class=\"elementor-heading-title elementor-size-default\">Un syst\u00e8me ing\u00e9nieux de destruction des chewing-gum par combustion<\/h2>\t\t\t\t<\/div>\n\t\t\t\t<\/div>\n\t\t\t\t<div class=\"elementor-element elementor-element-coe5fxo elementor-widget elementor-widget-video\" data-id=\"coe5fxo\" data-element_type=\"widget\" data-settings=\"{&quot;autoplay&quot;:&quot;yes&quot;,&quot;youtube_url&quot;:&quot;https:\\\/\\\/www.youtube.com\\\/watch?v=KF7JbN2Mqdw&quot;,&quot;video_type&quot;:&quot;youtube&quot;,&quot;controls&quot;:&quot;yes&quot;}\" data-widget_type=\"video.default\">\n\t\t\t\t<div class=\"elementor-widget-container\">\n\t\t\t\t\t\t\t<div class=\"elementor-wrapper elementor-open-inline\">\n\t\t\t<div class=\"elementor-video\"><\/div>\t\t<\/div>\n\t\t\t\t\t\t<\/div>\n\t\t\t\t<\/div>\n\t\t\t\t<div class=\"elementor-element elementor-element-zzu862e elementor-widget elementor-widget-spacer\" data-id=\"zzu862e\" data-element_type=\"widget\" data-widget_type=\"spacer.default\">\n\t\t\t\t<div class=\"elementor-widget-container\">\n\t\t\t\t\t\t\t<div class=\"elementor-spacer\">\n\t\t\t<div class=\"elementor-spacer-inner\"><\/div>\n\t\t<\/div>\n\t\t\t\t\t\t<\/div>\n\t\t\t\t<\/div>\n\t\t\t\t\t<\/div>\n\t\t<\/div>\n\t\t\t\t\t<\/div>\n\t\t<\/section>\n\t\t\t\t<section class=\"elementor-section elementor-top-section elementor-element elementor-element-z7b1cbs elementor-section-boxed elementor-section-height-default elementor-section-height-default\" data-id=\"z7b1cbs\" data-element_type=\"section\">\n\t\t\t\t\t\t<div class=\"elementor-container elementor-column-gap-default\">\n\t\t\t\t\t<div class=\"elementor-column elementor-col-50 elementor-top-column elementor-element elementor-element-zjvsnl7\" data-id=\"zjvsnl7\" data-element_type=\"column\">\n\t\t\t<div class=\"elementor-widget-wrap elementor-element-populated\">\n\t\t\t\t\t\t<div class=\"elementor-element elementor-element-ng8sn0p elementor-widget elementor-widget-image\" data-id=\"ng8sn0p\" data-element_type=\"widget\" data-widget_type=\"image.default\">\n\t\t\t\t<div class=\"elementor-widget-container\">\n\t\t\t\t\t\t\t\t\t\t\t\t\t\t\t<img decoding=\"async\" width=\"422\" height=\"599\" src=\"https:\/\/www.biso-aquitaine.fr\/wp-content\/uploads\/2017\/09\/2c0d4f_07890189b55f4aaf9b0d75de0494aee6mv2-1.jpg\" class=\"attachment-medium_large size-medium_large wp-image-182\" alt=\"\" srcset=\"https:\/\/www.biso-aquitaine.fr\/wp-content\/uploads\/2017\/09\/2c0d4f_07890189b55f4aaf9b0d75de0494aee6mv2-1.jpg 422w, https:\/\/www.biso-aquitaine.fr\/wp-content\/uploads\/2017\/09\/2c0d4f_07890189b55f4aaf9b0d75de0494aee6mv2-1-211x300.jpg 211w\" sizes=\"(max-width: 422px) 100vw, 422px\" \/>\t\t\t\t\t\t\t\t\t\t\t\t\t\t\t<\/div>\n\t\t\t\t<\/div>\n\t\t\t\t<div class=\"elementor-element elementor-element-l1tfv4a elementor-widget elementor-widget-image\" data-id=\"l1tfv4a\" data-element_type=\"widget\" data-widget_type=\"image.default\">\n\t\t\t\t<div class=\"elementor-widget-container\">\n\t\t\t\t\t\t\t\t\t\t\t\t\t\t\t<img loading=\"lazy\" decoding=\"async\" width=\"300\" height=\"177\" src=\"https:\/\/www.biso-aquitaine.fr\/wp-content\/uploads\/2017\/10\/pax-gum.png\" class=\"attachment-large size-large wp-image-1023\" alt=\"Box gum - importateur exclusif apfn hygi\u00e8ne\" \/>\t\t\t\t\t\t\t\t\t\t\t\t\t\t\t<\/div>\n\t\t\t\t<\/div>\n\t\t\t\t\t<\/div>\n\t\t<\/div>\n\t\t\t\t<div class=\"elementor-column elementor-col-50 elementor-top-column elementor-element elementor-element-0l5fsn8\" data-id=\"0l5fsn8\" data-element_type=\"column\">\n\t\t\t<div class=\"elementor-widget-wrap elementor-element-populated\">\n\t\t\t\t\t\t<div class=\"elementor-element elementor-element-wardv76 elementor-widget elementor-widget-text-editor\" data-id=\"wardv76\" data-element_type=\"widget\" data-widget_type=\"text-editor.default\">\n\t\t\t\t<div class=\"elementor-widget-container\">\n\t\t\t\t\t\t\t\t\t<p class=\"font2\" style=\"margin: 0cm 0cm 15pt; line-height: 18.75pt; background-image: initial; background-position: initial; background-size: initial; background-repeat: initial; background-attachment: initial; background-origin: initial; background-clip: initial;\"><strong><span style=\"font-size: 11.5pt; font-family: 'Open Sans', sans-serif; letter-spacing: 0.15pt;\">\u00a0<\/span><\/strong><span style=\"font-size: 11.5pt; font-family: 'Open Sans', sans-serif; letter-spacing: 0.15pt;\">L&rsquo;ECOGUM est une unit\u00e9 centrale portative autonome. Il est facile \u00e0 utiliser et \u00e0 mettre en fonctionnement. Il se porte sur le dos de l\u2019op\u00e9rateur de la m\u00eame mani\u00e8re qu\u2019un sac \u00e0 dos. L&rsquo;ECOGUM\u00a0ne g\u00e9n\u00e8re aucune nuisance sonore.\u00a0<\/span><\/p><p style=\"margin: 0cm 0cm 15pt; line-height: 18.75pt; background-image: initial; background-position: initial; background-size: initial; background-repeat: initial; background-attachment: initial; background-origin: initial; background-clip: initial;\"><span style=\"font-size: 11.5pt; font-family: 'Open Sans', sans-serif; letter-spacing: 0.15pt;\">Pour commencer, l\u2019appareil contient un gaz GPL qui permet d\u2019\u00e9liminer la gomme d\u2019un seul coup. Une batterie en lithium rechargeable alimente la pompe p\u00e9ristaltique, le ventilateur ce qui permet l&rsquo;allumage du br\u00fbleur. Au moment de l\u2019op\u00e9ration, le gaz est inject\u00e9 dans la lance, pouss\u00e9 par le ventilateur et non pas souffl\u00e9 afin de permettre une utilisation continue. La combustion s&rsquo;effectue au niveau du br\u00fbleur dans la lance et g\u00e9n\u00e8re de la vapeur.<\/span><\/p><p style=\"margin: 0cm 0cm 15pt; line-height: 18.75pt; background-image: initial; background-position: initial; background-size: initial; background-repeat: initial; background-attachment: initial; background-origin: initial; background-clip: initial;\"><span style=\"font-size: 11.5pt; font-family: 'Open Sans', sans-serif; letter-spacing: 0.15pt;\">Ensuite, cette vapeur conjugu\u00e9e avec l&rsquo;action m\u00e9canique de la griffe permet de d\u00e9truire les mol\u00e9cules du chewing-gum. Elle ne laisse plus qu\u2019un r\u00e9sidu liquide non collant. Les surfaces sont\u00a0 totalement propres et d\u00e9contamin\u00e9es apr\u00e8s le nettoyage de ce liquide.<\/span><\/p><p class=\"font_2\">\u00a0<\/p><p style=\"margin: 0cm 0cm 0.0001pt; line-height: 18.75pt; background-image: initial; background-position: initial; background-size: initial; background-repeat: initial; background-attachment: initial; background-origin: initial; background-clip: initial;\"><span style=\"font-size: 11.5pt; font-family: 'Open Sans', sans-serif; letter-spacing: 0.15pt;\">Ainsi, l&rsquo;ECOGUM\u00a0supprime toutes traces de chewing-gum de mani\u00e8re instantan\u00e9e, sans impact sur les sols ni sur l\u2019environnement.<\/span><\/p>\t\t\t\t\t\t\t\t<\/div>\n\t\t\t\t<\/div>\n\t\t\t\t\t<\/div>\n\t\t<\/div>\n\t\t\t\t\t<\/div>\n\t\t<\/section>\n\t\t\t\t<section class=\"elementor-section elementor-top-section elementor-element elementor-element-2b7wtiw elementor-section-boxed elementor-section-height-default elementor-section-height-default\" data-id=\"2b7wtiw\" data-element_type=\"section\">\n\t\t\t\t\t\t<div class=\"elementor-container elementor-column-gap-default\">\n\t\t\t\t\t<div class=\"elementor-column elementor-col-100 elementor-top-column elementor-element elementor-element-9j9lsfl\" data-id=\"9j9lsfl\" data-element_type=\"column\">\n\t\t\t<div class=\"elementor-widget-wrap elementor-element-populated\">\n\t\t\t\t\t\t<div class=\"elementor-element elementor-element-frod9ce elementor-widget elementor-widget-text-editor\" data-id=\"frod9ce\" data-element_type=\"widget\" data-widget_type=\"text-editor.default\">\n\t\t\t\t<div class=\"elementor-widget-container\">\n\t\t\t\t\t\t\t\t\t<h2 class=\"font_2\"><strong>Les avantages de notre technologie<\/strong><\/h2><ul><li>Unit\u00e9 portable et mobile autonome<\/li><li>Aucune source d&rsquo;alimentation externe n\u00e9cessaire<\/li><li>Fonctionne sur tous supports sans les alt\u00e9rer<\/li><li>Silencieux &#8211; Aucune nuisance sonore<\/li><li>Les op\u00e9rations de nettoyage peuvent \u00eatre effectu\u00e9es la nuit<\/li><li>La prestation peut s&rsquo;effectuer sans mise en place de p\u00e9rim\u00e8tre de s\u00e9curit\u00e9 en pr\u00e9sence de public<\/li><li>Respecte l&rsquo;environnement<\/li><li>Maintenance de l&rsquo;ECOGUM simple<\/li><\/ul>\t\t\t\t\t\t\t\t<\/div>\n\t\t\t\t<\/div>\n\t\t\t\t\t<\/div>\n\t\t<\/div>\n\t\t\t\t\t<\/div>\n\t\t<\/section>\n\t\t\t\t<section class=\"elementor-section elementor-top-section elementor-element elementor-element-a9mf6du elementor-section-boxed elementor-section-height-default elementor-section-height-default\" data-id=\"a9mf6du\" data-element_type=\"section\">\n\t\t\t\t\t\t<div class=\"elementor-container elementor-column-gap-default\">\n\t\t\t\t\t<div class=\"elementor-column elementor-col-100 elementor-top-column elementor-element elementor-element-q81tapf\" data-id=\"q81tapf\" data-element_type=\"column\">\n\t\t\t<div class=\"elementor-widget-wrap elementor-element-populated\">\n\t\t\t\t\t\t<div class=\"elementor-element elementor-element-an9z15l elementor-widget elementor-widget-text-editor\" data-id=\"an9z15l\" data-element_type=\"widget\" data-widget_type=\"text-editor.default\">\n\t\t\t\t<div class=\"elementor-widget-container\">\n\t\t\t\t\t\t\t\t\t<h2 class=\"font_2\"><strong>Notre plaquette<\/strong><\/h2><p><a href=\"http:\/\/www.biso.fr\/wp-content\/uploads\/2017\/09\/Plaquette-ECOGUM.pdf\">Plaquette ECOGUM<\/a><\/p>\t\t\t\t\t\t\t\t<\/div>\n\t\t\t\t<\/div>\n\t\t\t\t\t<\/div>\n\t\t<\/div>\n\t\t\t\t\t<\/div>\n\t\t<\/section>\n\t\t\t\t<\/div>\n\t\t","protected":false},"excerpt":{"rendered":"<div class=\"slide-text-bg2\"><span>Le nettoyage urbain, \u00e9cologique et efficace L&rsquo;ECOGUM est une\u00a0solution \u00e9cologique, \u00e9conomique, novatrice et simple d&rsquo;utilisation pour enleve<\/span><\/div>\n<div class=\"slide-btn-area-sm\"><a href=\"https:\/\/www.biso-aquitaine.fr\/index.php\/ecogum\/\" class=\"slide-btn-sm\">Lire la suite<\/a><\/div>\n","protected":false},"author":2,"featured_media":181,"parent":0,"menu_order":0,"comment_status":"closed","ping_status":"closed","template":"","meta":{"footnotes":""},"class_list":["post-179","page","type-page","status-publish","has-post-thumbnail","hentry"],"yoast_head":"<!-- This site is optimized with the Yoast SEO plugin v26.8 - https:\/\/yoast.com\/product\/yoast-seo-wordpress\/ -->\n<title>ECOGUM supprime les chewing-gums - importateur exclusif - apfn hygi\u00e8ne<\/title>\n<meta name=\"description\" content=\"L&#039;ECOGUM est une solution \u00e9cologique, \u00e9conomique, novatrice et simple d&#039;utilisation pour enlever les chewing-gums sur tous les types de supports.\" \/>\n<meta name=\"robots\" content=\"index, follow, max-snippet:-1, max-image-preview:large, max-video-preview:-1\" \/>\n<link rel=\"canonical\" href=\"https:\/\/www.biso-aquitaine.fr\/index.php\/ecogum\/\" \/>\n<meta property=\"og:locale\" content=\"fr_FR\" \/>\n<meta property=\"og:type\" content=\"article\" \/>\n<meta property=\"og:title\" content=\"ECOGUM supprime les chewing-gums - importateur exclusif - apfn hygi\u00e8ne\" \/>\n<meta property=\"og:description\" content=\"L&#039;ECOGUM est une solution \u00e9cologique, \u00e9conomique, novatrice et simple d&#039;utilisation pour enlever les chewing-gums sur tous les types de supports.\" \/>\n<meta property=\"og:url\" content=\"https:\/\/www.biso-aquitaine.fr\/index.php\/ecogum\/\" \/>\n<meta property=\"article:publisher\" content=\"https:\/\/www.facebook.com\/apfn-hygi%c3%a8ne-145838925596381\/?ref=bookmarks\" \/>\n<meta property=\"article:modified_time\" content=\"2018-10-08T08:35:02+00:00\" \/>\n<meta property=\"og:image\" content=\"https:\/\/www.biso-aquitaine.fr\/wp-content\/uploads\/2017\/09\/2c0d4f_e732e10efbc241a49a9d2ea6aaea8e70mv2.png\" \/>\n\t<meta property=\"og:image:width\" content=\"500\" \/>\n\t<meta property=\"og:image:height\" content=\"333\" \/>\n\t<meta property=\"og:image:type\" content=\"image\/png\" \/>\n<meta name=\"twitter:card\" content=\"summary_large_image\" \/>\n<meta name=\"twitter:label1\" content=\"Dur\u00e9e de lecture estim\u00e9e\" \/>\n\t<meta name=\"twitter:data1\" content=\"2 minutes\" \/>\n<script type=\"application\/ld+json\" class=\"yoast-schema-graph\">{\"@context\":\"https:\/\/schema.org\",\"@graph\":[{\"@type\":\"WebPage\",\"@id\":\"https:\/\/www.biso-aquitaine.fr\/index.php\/ecogum\/\",\"url\":\"https:\/\/www.biso-aquitaine.fr\/index.php\/ecogum\/\",\"name\":\"ECOGUM supprime les chewing-gums - importateur exclusif - apfn hygi\u00e8ne\",\"isPartOf\":{\"@id\":\"https:\/\/www.biso-aquitaine.fr\/#website\"},\"primaryImageOfPage\":{\"@id\":\"https:\/\/www.biso-aquitaine.fr\/index.php\/ecogum\/#primaryimage\"},\"image\":{\"@id\":\"https:\/\/www.biso-aquitaine.fr\/index.php\/ecogum\/#primaryimage\"},\"thumbnailUrl\":\"https:\/\/www.biso-aquitaine.fr\/wp-content\/uploads\/2017\/09\/2c0d4f_e732e10efbc241a49a9d2ea6aaea8e70mv2.png\",\"datePublished\":\"2017-09-06T14:47:52+00:00\",\"dateModified\":\"2018-10-08T08:35:02+00:00\",\"description\":\"L'ECOGUM est une solution \u00e9cologique, \u00e9conomique, novatrice et simple d'utilisation pour enlever les chewing-gums sur tous les types de supports.\",\"inLanguage\":\"fr-FR\",\"potentialAction\":[{\"@type\":\"ReadAction\",\"target\":[\"https:\/\/www.biso-aquitaine.fr\/index.php\/ecogum\/\"]}]},{\"@type\":\"ImageObject\",\"inLanguage\":\"fr-FR\",\"@id\":\"https:\/\/www.biso-aquitaine.fr\/index.php\/ecogum\/#primaryimage\",\"url\":\"https:\/\/www.biso-aquitaine.fr\/wp-content\/uploads\/2017\/09\/2c0d4f_e732e10efbc241a49a9d2ea6aaea8e70mv2.png\",\"contentUrl\":\"https:\/\/www.biso-aquitaine.fr\/wp-content\/uploads\/2017\/09\/2c0d4f_e732e10efbc241a49a9d2ea6aaea8e70mv2.png\",\"width\":500,\"height\":333,\"caption\":\"apfn hygi\u00e8ne est l'importateur exclusif de l'ECOGUM en France.\"},{\"@type\":\"WebSite\",\"@id\":\"https:\/\/www.biso-aquitaine.fr\/#website\",\"url\":\"https:\/\/www.biso-aquitaine.fr\/\",\"name\":\"\",\"description\":\"\",\"potentialAction\":[{\"@type\":\"SearchAction\",\"target\":{\"@type\":\"EntryPoint\",\"urlTemplate\":\"https:\/\/www.biso-aquitaine.fr\/?s={search_term_string}\"},\"query-input\":{\"@type\":\"PropertyValueSpecification\",\"valueRequired\":true,\"valueName\":\"search_term_string\"}}],\"inLanguage\":\"fr-FR\"}]}<\/script>\n<!-- \/ Yoast SEO plugin. -->","yoast_head_json":{"title":"ECOGUM supprime les chewing-gums - importateur exclusif - apfn hygi\u00e8ne","description":"L'ECOGUM est une solution \u00e9cologique, \u00e9conomique, novatrice et simple d'utilisation pour enlever les chewing-gums sur tous les types de supports.","robots":{"index":"index","follow":"follow","max-snippet":"max-snippet:-1","max-image-preview":"max-image-preview:large","max-video-preview":"max-video-preview:-1"},"canonical":"https:\/\/www.biso-aquitaine.fr\/index.php\/ecogum\/","og_locale":"fr_FR","og_type":"article","og_title":"ECOGUM supprime les chewing-gums - importateur exclusif - apfn hygi\u00e8ne","og_description":"L'ECOGUM est une solution \u00e9cologique, \u00e9conomique, novatrice et simple d'utilisation pour enlever les chewing-gums sur tous les types de supports.","og_url":"https:\/\/www.biso-aquitaine.fr\/index.php\/ecogum\/","article_publisher":"https:\/\/www.facebook.com\/apfn-hygi%c3%a8ne-145838925596381\/?ref=bookmarks","article_modified_time":"2018-10-08T08:35:02+00:00","og_image":[{"width":500,"height":333,"url":"https:\/\/www.biso-aquitaine.fr\/wp-content\/uploads\/2017\/09\/2c0d4f_e732e10efbc241a49a9d2ea6aaea8e70mv2.png","type":"image\/png"}],"twitter_card":"summary_large_image","twitter_misc":{"Dur\u00e9e de lecture estim\u00e9e":"2 minutes"},"schema":{"@context":"https:\/\/schema.org","@graph":[{"@type":"WebPage","@id":"https:\/\/www.biso-aquitaine.fr\/index.php\/ecogum\/","url":"https:\/\/www.biso-aquitaine.fr\/index.php\/ecogum\/","name":"ECOGUM supprime les chewing-gums - importateur exclusif - apfn hygi\u00e8ne","isPartOf":{"@id":"https:\/\/www.biso-aquitaine.fr\/#website"},"primaryImageOfPage":{"@id":"https:\/\/www.biso-aquitaine.fr\/index.php\/ecogum\/#primaryimage"},"image":{"@id":"https:\/\/www.biso-aquitaine.fr\/index.php\/ecogum\/#primaryimage"},"thumbnailUrl":"https:\/\/www.biso-aquitaine.fr\/wp-content\/uploads\/2017\/09\/2c0d4f_e732e10efbc241a49a9d2ea6aaea8e70mv2.png","datePublished":"2017-09-06T14:47:52+00:00","dateModified":"2018-10-08T08:35:02+00:00","description":"L'ECOGUM est une solution \u00e9cologique, \u00e9conomique, novatrice et simple d'utilisation pour enlever les chewing-gums sur tous les types de supports.","inLanguage":"fr-FR","potentialAction":[{"@type":"ReadAction","target":["https:\/\/www.biso-aquitaine.fr\/index.php\/ecogum\/"]}]},{"@type":"ImageObject","inLanguage":"fr-FR","@id":"https:\/\/www.biso-aquitaine.fr\/index.php\/ecogum\/#primaryimage","url":"https:\/\/www.biso-aquitaine.fr\/wp-content\/uploads\/2017\/09\/2c0d4f_e732e10efbc241a49a9d2ea6aaea8e70mv2.png","contentUrl":"https:\/\/www.biso-aquitaine.fr\/wp-content\/uploads\/2017\/09\/2c0d4f_e732e10efbc241a49a9d2ea6aaea8e70mv2.png","width":500,"height":333,"caption":"apfn hygi\u00e8ne est l'importateur exclusif de l'ECOGUM en France."},{"@type":"WebSite","@id":"https:\/\/www.biso-aquitaine.fr\/#website","url":"https:\/\/www.biso-aquitaine.fr\/","name":"","description":"","potentialAction":[{"@type":"SearchAction","target":{"@type":"EntryPoint","urlTemplate":"https:\/\/www.biso-aquitaine.fr\/?s={search_term_string}"},"query-input":{"@type":"PropertyValueSpecification","valueRequired":true,"valueName":"search_term_string"}}],"inLanguage":"fr-FR"}]}},"_links":{"self":[{"href":"https:\/\/www.biso-aquitaine.fr\/index.php\/wp-json\/wp\/v2\/pages\/179","targetHints":{"allow":["GET"]}}],"collection":[{"href":"https:\/\/www.biso-aquitaine.fr\/index.php\/wp-json\/wp\/v2\/pages"}],"about":[{"href":"https:\/\/www.biso-aquitaine.fr\/index.php\/wp-json\/wp\/v2\/types\/page"}],"author":[{"embeddable":true,"href":"https:\/\/www.biso-aquitaine.fr\/index.php\/wp-json\/wp\/v2\/users\/2"}],"replies":[{"embeddable":true,"href":"https:\/\/www.biso-aquitaine.fr\/index.php\/wp-json\/wp\/v2\/comments?post=179"}],"version-history":[{"count":29,"href":"https:\/\/www.biso-aquitaine.fr\/index.php\/wp-json\/wp\/v2\/pages\/179\/revisions"}],"predecessor-version":[{"id":1516,"href":"https:\/\/www.biso-aquitaine.fr\/index.php\/wp-json\/wp\/v2\/pages\/179\/revisions\/1516"}],"wp:featuredmedia":[{"embeddable":true,"href":"https:\/\/www.biso-aquitaine.fr\/index.php\/wp-json\/wp\/v2\/media\/181"}],"wp:attachment":[{"href":"https:\/\/www.biso-aquitaine.fr\/index.php\/wp-json\/wp\/v2\/media?parent=179"}],"curies":[{"name":"wp","href":"https:\/\/api.w.org\/{rel}","templated":true}]}}