{"id":279,"date":"2017-09-08T10:35:11","date_gmt":"2017-09-08T08:35:11","guid":{"rendered":"http:\/\/www.biso.fr\/?page_id=279"},"modified":"2023-06-19T14:34:06","modified_gmt":"2023-06-19T12:34:06","slug":"ecogum-maxi-3","status":"publish","type":"page","link":"https:\/\/www.biso-aquitaine.fr\/index.php\/ecogum-maxi-3\/","title":{"rendered":"ECOGUM MAXI"},"content":{"rendered":"\t\t<div data-elementor-type=\"wp-post\" data-elementor-id=\"279\" class=\"elementor elementor-279\">\n\t\t\t\t\t\t<section class=\"elementor-section elementor-top-section elementor-element elementor-element-gpwlqbs elementor-section-boxed elementor-section-height-default elementor-section-height-default\" data-id=\"gpwlqbs\" data-element_type=\"section\">\n\t\t\t\t\t\t<div class=\"elementor-container elementor-column-gap-default\">\n\t\t\t\t\t<div class=\"elementor-column elementor-col-100 elementor-top-column elementor-element elementor-element-qokrqjp\" data-id=\"qokrqjp\" data-element_type=\"column\">\n\t\t\t<div class=\"elementor-widget-wrap elementor-element-populated\">\n\t\t\t\t\t\t<div class=\"elementor-element elementor-element-c5xdp76 elementor-widget elementor-widget-image\" data-id=\"c5xdp76\" data-element_type=\"widget\" data-widget_type=\"image.default\">\n\t\t\t\t<div class=\"elementor-widget-container\">\n\t\t\t\t\t\t\t\t\t\t\t\t\t\t\t\t<a href=\"http:\/\/www.biso.fr\/index.php\/ecogum\/\" target=\"_blank\">\n\t\t\t\t\t\t\t<img decoding=\"async\" width=\"211\" height=\"71\" src=\"https:\/\/www.biso-aquitaine.fr\/wp-content\/uploads\/2017\/09\/Capture-3.png\" class=\"attachment-large size-large wp-image-375\" alt=\"ECOGUM MAXI\" \/>\t\t\t\t\t\t\t\t<\/a>\n\t\t\t\t\t\t\t\t\t\t\t\t\t\t\t<\/div>\n\t\t\t\t<\/div>\n\t\t\t\t<div class=\"elementor-element elementor-element-gxrrkxw elementor-widget elementor-widget-text-editor\" data-id=\"gxrrkxw\" data-element_type=\"widget\" data-widget_type=\"text-editor.default\">\n\t\t\t\t<div class=\"elementor-widget-container\">\n\t\t\t\t\t\t\t\t\t<h2>ECOGUM MAXI : Destructeur de chewing-gum<\/h2><p>ECOGUM MAXI est la solution pour les probl\u00e8mes de chewing-gum. C&rsquo;est un appareil compos\u00e9 d&rsquo;une unit\u00e9 centrale portative autonome et facile \u00e0 utiliser. Il est simple et rapide pour sa mise en place. C&rsquo;est une solution \u00e9cologique, \u00e9conomique, novatrice pour enlever les chewing-gums sur tous les types de supports.<\/p>\t\t\t\t\t\t\t\t<\/div>\n\t\t\t\t<\/div>\n\t\t\t\t\t<\/div>\n\t\t<\/div>\n\t\t\t\t\t<\/div>\n\t\t<\/section>\n\t\t\t\t<section class=\"elementor-section elementor-top-section elementor-element elementor-element-rpb3ork elementor-section-boxed elementor-section-height-default elementor-section-height-default\" data-id=\"rpb3ork\" data-element_type=\"section\">\n\t\t\t\t\t\t<div class=\"elementor-container elementor-column-gap-default\">\n\t\t\t\t\t<div class=\"elementor-column elementor-col-50 elementor-top-column elementor-element elementor-element-ecbb119\" data-id=\"ecbb119\" data-element_type=\"column\">\n\t\t\t<div class=\"elementor-widget-wrap elementor-element-populated\">\n\t\t\t\t\t\t<div class=\"elementor-element elementor-element-gqoai10 elementor-widget elementor-widget-image\" data-id=\"gqoai10\" data-element_type=\"widget\" data-widget_type=\"image.default\">\n\t\t\t\t<div class=\"elementor-widget-container\">\n\t\t\t\t\t\t\t\t\t\t\t\t\t\t\t\t<a href=\"http:\/\/www.biso.fr\/index.php\/ecogum\/\">\n\t\t\t\t\t\t\t<img decoding=\"async\" src=\"https:\/\/www.biso-aquitaine.fr\/wp-content\/uploads\/elementor\/thumbs\/2c0d4f_e732e10efbc241a49a9d2ea6aaea8e70mv2-rhy1mckkytloi51pjxdgqfvvcojd6sa1w88bhmfdrk.png\" title=\"EECOGUM MAXI &#8211; apfn hygi\u00e8ne\" alt=\"ECOGUM MAXI\" loading=\"lazy\" \/>\t\t\t\t\t\t\t\t<\/a>\n\t\t\t\t\t\t\t\t\t\t\t\t\t\t\t<\/div>\n\t\t\t\t<\/div>\n\t\t\t\t\t<\/div>\n\t\t<\/div>\n\t\t\t\t<div class=\"elementor-column elementor-col-50 elementor-top-column elementor-element elementor-element-tsmn76l\" data-id=\"tsmn76l\" data-element_type=\"column\">\n\t\t\t<div class=\"elementor-widget-wrap elementor-element-populated\">\n\t\t\t\t\t\t<div class=\"elementor-element elementor-element-pbrq9zv elementor-widget elementor-widget-image\" data-id=\"pbrq9zv\" data-element_type=\"widget\" data-widget_type=\"image.default\">\n\t\t\t\t<div class=\"elementor-widget-container\">\n\t\t\t\t\t\t\t\t\t\t\t\t\t\t\t\t<a href=\"http:\/\/www.biso.fr\/index.php\/ecogum\/\">\n\t\t\t\t\t\t\t<img decoding=\"async\" src=\"https:\/\/www.biso-aquitaine.fr\/wp-content\/uploads\/elementor\/thumbs\/IMG_1378-rhy1mx8wvomr6ubqx0me4kmqze6u7xaq0j9tja5xdk.jpg\" title=\"EECOGUM MAXI &#8211; apfn hygi\u00e8ne\" alt=\"EECOGUM MAXI - apfn hygi\u00e8ne\" loading=\"lazy\" \/>\t\t\t\t\t\t\t\t<\/a>\n\t\t\t\t\t\t\t\t\t\t\t\t\t\t\t<\/div>\n\t\t\t\t<\/div>\n\t\t\t\t\t<\/div>\n\t\t<\/div>\n\t\t\t\t\t<\/div>\n\t\t<\/section>\n\t\t\t\t<section class=\"elementor-section elementor-top-section elementor-element elementor-element-ztc7zl3 elementor-section-boxed elementor-section-height-default elementor-section-height-default\" data-id=\"ztc7zl3\" data-element_type=\"section\">\n\t\t\t\t\t\t<div class=\"elementor-container elementor-column-gap-default\">\n\t\t\t\t\t<div class=\"elementor-column elementor-col-100 elementor-top-column elementor-element elementor-element-k05mcsm\" data-id=\"k05mcsm\" data-element_type=\"column\">\n\t\t\t<div class=\"elementor-widget-wrap elementor-element-populated\">\n\t\t\t\t\t\t<div class=\"elementor-element elementor-element-e069j04 elementor-widget elementor-widget-text-editor\" data-id=\"e069j04\" data-element_type=\"widget\" data-widget_type=\"text-editor.default\">\n\t\t\t\t<div class=\"elementor-widget-container\">\n\t\t\t\t\t\t\t\t\t<p>L&rsquo;ECOGUM d\u00e9truit efficacement les chewing-gums en seulement 6 secondes, sur tous les supports, sans laisser de r\u00e9sidus. L&rsquo;ECOGUM fonctionne gr\u00e2ce \u00e0 une batterie au lithium qui alimente un ventilateur et une pompe. Deux cartouches de gaz \u00e0 visser, alimentent le br\u00fbleur permettant de travailler dans des espaces ext\u00e9rieurs et int\u00e9rieurs bien ventil\u00e9s. Le produit va se transformer en vapeur au contact du br\u00fbleur pour \u00eatre expuls\u00e9 au niveau de la griffe acier ou nylon. Au contact de cette vapeur, la structure mol\u00e9culaire du chewing-gum va se rompre et se dissoudre.<\/p>\t\t\t\t\t\t\t\t<\/div>\n\t\t\t\t<\/div>\n\t\t\t\t<div class=\"elementor-element elementor-element-194xqcf elementor-widget elementor-widget-video\" data-id=\"194xqcf\" data-element_type=\"widget\" data-settings=\"{&quot;autoplay&quot;:&quot;yes&quot;,&quot;youtube_url&quot;:&quot;https:\\\/\\\/www.youtube.com\\\/watch?time_continue=16&amp;v=VK5R3HqL81w&quot;,&quot;video_type&quot;:&quot;youtube&quot;,&quot;controls&quot;:&quot;yes&quot;}\" data-widget_type=\"video.default\">\n\t\t\t\t<div class=\"elementor-widget-container\">\n\t\t\t\t\t\t\t<div class=\"elementor-wrapper elementor-open-inline\">\n\t\t\t<div class=\"elementor-video\"><\/div>\t\t<\/div>\n\t\t\t\t\t\t<\/div>\n\t\t\t\t<\/div>\n\t\t\t\t<div class=\"elementor-element elementor-element-a804287 elementor-widget elementor-widget-heading\" data-id=\"a804287\" data-element_type=\"widget\" data-widget_type=\"heading.default\">\n\t\t\t\t<div class=\"elementor-widget-container\">\n\t\t\t\t\t<h2 class=\"elementor-heading-title elementor-size-default\">Les avantages du mat\u00e9riel<\/h2>\t\t\t\t<\/div>\n\t\t\t\t<\/div>\n\t\t\t\t<div class=\"elementor-element elementor-element-7dea835 elementor-widget elementor-widget-text-editor\" data-id=\"7dea835\" data-element_type=\"widget\" data-widget_type=\"text-editor.default\">\n\t\t\t\t<div class=\"elementor-widget-container\">\n\t\t\t\t\t\t\t\t\t<ul><li>L&rsquo;appareil est robuste gr\u00e2ce \u00e0 sa coque dure<\/li><li>Autonomie de 8 heures<\/li><li>Respectueux de l&rsquo;environnement<\/li><li>Facile \u00e0 stocker et \u00e0 d\u00e9placer<\/li><\/ul>\t\t\t\t\t\t\t\t<\/div>\n\t\t\t\t<\/div>\n\t\t\t\t\t<\/div>\n\t\t<\/div>\n\t\t\t\t\t<\/div>\n\t\t<\/section>\n\t\t\t\t<section class=\"elementor-section elementor-top-section elementor-element elementor-element-gen4st8 elementor-section-boxed elementor-section-height-default elementor-section-height-default\" data-id=\"gen4st8\" data-element_type=\"section\">\n\t\t\t\t\t\t<div class=\"elementor-container elementor-column-gap-default\">\n\t\t\t\t\t<div class=\"elementor-column elementor-col-100 elementor-top-column elementor-element elementor-element-bof74ud\" data-id=\"bof74ud\" data-element_type=\"column\">\n\t\t\t<div class=\"elementor-widget-wrap elementor-element-populated\">\n\t\t\t\t\t\t<div class=\"elementor-element elementor-element-syl3461 elementor-widget elementor-widget-heading\" data-id=\"syl3461\" data-element_type=\"widget\" data-widget_type=\"heading.default\">\n\t\t\t\t<div class=\"elementor-widget-container\">\n\t\t\t\t\t<h2 class=\"elementor-heading-title elementor-size-default\">Documents \u00e0 t\u00e9l\u00e9charger<\/h2>\t\t\t\t<\/div>\n\t\t\t\t<\/div>\n\t\t\t\t<div class=\"elementor-element elementor-element-3fzpk4g elementor-widget elementor-widget-text-editor\" data-id=\"3fzpk4g\" data-element_type=\"widget\" data-widget_type=\"text-editor.default\">\n\t\t\t\t<div class=\"elementor-widget-container\">\n\t\t\t\t\t\t\t\t\t<p><a href=\"https:\/\/www.biso-aquitaine.fr\/wp-content\/uploads\/2017\/09\/Ecogum-MAXI-2.pdf\">Fiche technique &#8211; Ecogum Maxi<\/a><\/p><p><a href=\"https:\/\/www.biso-aquitaine.fr\/wp-content\/uploads\/2017\/10\/NOTICE-ECOGUM-MAXI.pdf\">Manuel d&rsquo;utilisation &#8211; Ecogum Maxi<\/a><\/p>\t\t\t\t\t\t\t\t<\/div>\n\t\t\t\t<\/div>\n\t\t\t\t\t<\/div>\n\t\t<\/div>\n\t\t\t\t\t<\/div>\n\t\t<\/section>\n\t\t\t\t<\/div>\n\t\t","protected":false},"excerpt":{"rendered":"<div class=\"slide-text-bg2\"><span>ECOGUM MAXI : Destructeur de chewing-gum ECOGUM MAXI est la solution pour les probl\u00e8mes de chewing-gum. C&rsquo;est un appareil compos\u00e9 d&rsquo;une unit?<\/span><\/div>\n<div class=\"slide-btn-area-sm\"><a href=\"https:\/\/www.biso-aquitaine.fr\/index.php\/ecogum-maxi-3\/\" class=\"slide-btn-sm\">Lire la suite<\/a><\/div>\n","protected":false},"author":2,"featured_media":181,"parent":0,"menu_order":0,"comment_status":"closed","ping_status":"closed","template":"","meta":{"footnotes":""},"class_list":["post-279","page","type-page","status-publish","has-post-thumbnail","hentry"],"yoast_head":"<!-- This site is optimized with the Yoast SEO plugin v26.8 - https:\/\/yoast.com\/product\/yoast-seo-wordpress\/ -->\n<title>ECOGUM MAXI - importateur exclusif - apfn hygi\u00e8ne<\/title>\n<meta name=\"description\" content=\"L&#039;ECOGUM MAXI est un syst\u00e8me qui d\u00e9truit efficacement les chewing-gums en seulement 6 secondes, sur tous les supports, sans laisser de r\u00e9sidus.\" \/>\n<meta name=\"robots\" content=\"index, follow, max-snippet:-1, max-image-preview:large, max-video-preview:-1\" \/>\n<link rel=\"canonical\" href=\"https:\/\/www.biso-aquitaine.fr\/index.php\/ecogum-maxi-3\/\" \/>\n<meta property=\"og:locale\" content=\"fr_FR\" \/>\n<meta property=\"og:type\" content=\"article\" \/>\n<meta property=\"og:title\" content=\"ECOGUM MAXI - importateur exclusif - apfn hygi\u00e8ne\" \/>\n<meta property=\"og:description\" content=\"L&#039;ECOGUM MAXI est un syst\u00e8me qui d\u00e9truit efficacement les chewing-gums en seulement 6 secondes, sur tous les supports, sans laisser de r\u00e9sidus.\" \/>\n<meta property=\"og:url\" content=\"https:\/\/www.biso-aquitaine.fr\/index.php\/ecogum-maxi-3\/\" \/>\n<meta property=\"article:publisher\" content=\"https:\/\/www.facebook.com\/apfn-hygi%c3%a8ne-145838925596381\/?ref=bookmarks\" \/>\n<meta property=\"article:modified_time\" content=\"2023-06-19T12:34:06+00:00\" \/>\n<meta property=\"og:image\" content=\"https:\/\/www.biso-aquitaine.fr\/wp-content\/uploads\/2017\/09\/2c0d4f_e732e10efbc241a49a9d2ea6aaea8e70mv2.png\" \/>\n\t<meta property=\"og:image:width\" content=\"500\" \/>\n\t<meta property=\"og:image:height\" content=\"333\" \/>\n\t<meta property=\"og:image:type\" content=\"image\/png\" \/>\n<meta name=\"twitter:card\" content=\"summary_large_image\" \/>\n<meta name=\"twitter:label1\" content=\"Dur\u00e9e de lecture estim\u00e9e\" \/>\n\t<meta name=\"twitter:data1\" content=\"2 minutes\" \/>\n<script type=\"application\/ld+json\" class=\"yoast-schema-graph\">{\"@context\":\"https:\/\/schema.org\",\"@graph\":[{\"@type\":\"WebPage\",\"@id\":\"https:\/\/www.biso-aquitaine.fr\/index.php\/ecogum-maxi-3\/\",\"url\":\"https:\/\/www.biso-aquitaine.fr\/index.php\/ecogum-maxi-3\/\",\"name\":\"ECOGUM MAXI - importateur exclusif - apfn hygi\u00e8ne\",\"isPartOf\":{\"@id\":\"https:\/\/www.biso-aquitaine.fr\/#website\"},\"primaryImageOfPage\":{\"@id\":\"https:\/\/www.biso-aquitaine.fr\/index.php\/ecogum-maxi-3\/#primaryimage\"},\"image\":{\"@id\":\"https:\/\/www.biso-aquitaine.fr\/index.php\/ecogum-maxi-3\/#primaryimage\"},\"thumbnailUrl\":\"https:\/\/www.biso-aquitaine.fr\/wp-content\/uploads\/2017\/09\/2c0d4f_e732e10efbc241a49a9d2ea6aaea8e70mv2.png\",\"datePublished\":\"2017-09-08T08:35:11+00:00\",\"dateModified\":\"2023-06-19T12:34:06+00:00\",\"description\":\"L'ECOGUM MAXI est un syst\u00e8me qui d\u00e9truit efficacement les chewing-gums en seulement 6 secondes, sur tous les supports, sans laisser de r\u00e9sidus.\",\"inLanguage\":\"fr-FR\",\"potentialAction\":[{\"@type\":\"ReadAction\",\"target\":[\"https:\/\/www.biso-aquitaine.fr\/index.php\/ecogum-maxi-3\/\"]}]},{\"@type\":\"ImageObject\",\"inLanguage\":\"fr-FR\",\"@id\":\"https:\/\/www.biso-aquitaine.fr\/index.php\/ecogum-maxi-3\/#primaryimage\",\"url\":\"https:\/\/www.biso-aquitaine.fr\/wp-content\/uploads\/2017\/09\/2c0d4f_e732e10efbc241a49a9d2ea6aaea8e70mv2.png\",\"contentUrl\":\"https:\/\/www.biso-aquitaine.fr\/wp-content\/uploads\/2017\/09\/2c0d4f_e732e10efbc241a49a9d2ea6aaea8e70mv2.png\",\"width\":500,\"height\":333,\"caption\":\"apfn hygi\u00e8ne est l'importateur exclusif de l'ECOGUM en France.\"},{\"@type\":\"WebSite\",\"@id\":\"https:\/\/www.biso-aquitaine.fr\/#website\",\"url\":\"https:\/\/www.biso-aquitaine.fr\/\",\"name\":\"\",\"description\":\"\",\"potentialAction\":[{\"@type\":\"SearchAction\",\"target\":{\"@type\":\"EntryPoint\",\"urlTemplate\":\"https:\/\/www.biso-aquitaine.fr\/?s={search_term_string}\"},\"query-input\":{\"@type\":\"PropertyValueSpecification\",\"valueRequired\":true,\"valueName\":\"search_term_string\"}}],\"inLanguage\":\"fr-FR\"}]}<\/script>\n<!-- \/ Yoast SEO plugin. -->","yoast_head_json":{"title":"ECOGUM MAXI - importateur exclusif - apfn hygi\u00e8ne","description":"L'ECOGUM MAXI est un syst\u00e8me qui d\u00e9truit efficacement les chewing-gums en seulement 6 secondes, sur tous les supports, sans laisser de r\u00e9sidus.","robots":{"index":"index","follow":"follow","max-snippet":"max-snippet:-1","max-image-preview":"max-image-preview:large","max-video-preview":"max-video-preview:-1"},"canonical":"https:\/\/www.biso-aquitaine.fr\/index.php\/ecogum-maxi-3\/","og_locale":"fr_FR","og_type":"article","og_title":"ECOGUM MAXI - importateur exclusif - apfn hygi\u00e8ne","og_description":"L'ECOGUM MAXI est un syst\u00e8me qui d\u00e9truit efficacement les chewing-gums en seulement 6 secondes, sur tous les supports, sans laisser de r\u00e9sidus.","og_url":"https:\/\/www.biso-aquitaine.fr\/index.php\/ecogum-maxi-3\/","article_publisher":"https:\/\/www.facebook.com\/apfn-hygi%c3%a8ne-145838925596381\/?ref=bookmarks","article_modified_time":"2023-06-19T12:34:06+00:00","og_image":[{"width":500,"height":333,"url":"https:\/\/www.biso-aquitaine.fr\/wp-content\/uploads\/2017\/09\/2c0d4f_e732e10efbc241a49a9d2ea6aaea8e70mv2.png","type":"image\/png"}],"twitter_card":"summary_large_image","twitter_misc":{"Dur\u00e9e de lecture estim\u00e9e":"2 minutes"},"schema":{"@context":"https:\/\/schema.org","@graph":[{"@type":"WebPage","@id":"https:\/\/www.biso-aquitaine.fr\/index.php\/ecogum-maxi-3\/","url":"https:\/\/www.biso-aquitaine.fr\/index.php\/ecogum-maxi-3\/","name":"ECOGUM MAXI - importateur exclusif - apfn hygi\u00e8ne","isPartOf":{"@id":"https:\/\/www.biso-aquitaine.fr\/#website"},"primaryImageOfPage":{"@id":"https:\/\/www.biso-aquitaine.fr\/index.php\/ecogum-maxi-3\/#primaryimage"},"image":{"@id":"https:\/\/www.biso-aquitaine.fr\/index.php\/ecogum-maxi-3\/#primaryimage"},"thumbnailUrl":"https:\/\/www.biso-aquitaine.fr\/wp-content\/uploads\/2017\/09\/2c0d4f_e732e10efbc241a49a9d2ea6aaea8e70mv2.png","datePublished":"2017-09-08T08:35:11+00:00","dateModified":"2023-06-19T12:34:06+00:00","description":"L'ECOGUM MAXI est un syst\u00e8me qui d\u00e9truit efficacement les chewing-gums en seulement 6 secondes, sur tous les supports, sans laisser de r\u00e9sidus.","inLanguage":"fr-FR","potentialAction":[{"@type":"ReadAction","target":["https:\/\/www.biso-aquitaine.fr\/index.php\/ecogum-maxi-3\/"]}]},{"@type":"ImageObject","inLanguage":"fr-FR","@id":"https:\/\/www.biso-aquitaine.fr\/index.php\/ecogum-maxi-3\/#primaryimage","url":"https:\/\/www.biso-aquitaine.fr\/wp-content\/uploads\/2017\/09\/2c0d4f_e732e10efbc241a49a9d2ea6aaea8e70mv2.png","contentUrl":"https:\/\/www.biso-aquitaine.fr\/wp-content\/uploads\/2017\/09\/2c0d4f_e732e10efbc241a49a9d2ea6aaea8e70mv2.png","width":500,"height":333,"caption":"apfn hygi\u00e8ne est l'importateur exclusif de l'ECOGUM en France."},{"@type":"WebSite","@id":"https:\/\/www.biso-aquitaine.fr\/#website","url":"https:\/\/www.biso-aquitaine.fr\/","name":"","description":"","potentialAction":[{"@type":"SearchAction","target":{"@type":"EntryPoint","urlTemplate":"https:\/\/www.biso-aquitaine.fr\/?s={search_term_string}"},"query-input":{"@type":"PropertyValueSpecification","valueRequired":true,"valueName":"search_term_string"}}],"inLanguage":"fr-FR"}]}},"_links":{"self":[{"href":"https:\/\/www.biso-aquitaine.fr\/index.php\/wp-json\/wp\/v2\/pages\/279","targetHints":{"allow":["GET"]}}],"collection":[{"href":"https:\/\/www.biso-aquitaine.fr\/index.php\/wp-json\/wp\/v2\/pages"}],"about":[{"href":"https:\/\/www.biso-aquitaine.fr\/index.php\/wp-json\/wp\/v2\/types\/page"}],"author":[{"embeddable":true,"href":"https:\/\/www.biso-aquitaine.fr\/index.php\/wp-json\/wp\/v2\/users\/2"}],"replies":[{"embeddable":true,"href":"https:\/\/www.biso-aquitaine.fr\/index.php\/wp-json\/wp\/v2\/comments?post=279"}],"version-history":[{"count":28,"href":"https:\/\/www.biso-aquitaine.fr\/index.php\/wp-json\/wp\/v2\/pages\/279\/revisions"}],"predecessor-version":[{"id":3192,"href":"https:\/\/www.biso-aquitaine.fr\/index.php\/wp-json\/wp\/v2\/pages\/279\/revisions\/3192"}],"wp:featuredmedia":[{"embeddable":true,"href":"https:\/\/www.biso-aquitaine.fr\/index.php\/wp-json\/wp\/v2\/media\/181"}],"wp:attachment":[{"href":"https:\/\/www.biso-aquitaine.fr\/index.php\/wp-json\/wp\/v2\/media?parent=279"}],"curies":[{"name":"wp","href":"https:\/\/api.w.org\/{rel}","templated":true}]}}