{"id":401,"date":"2017-09-12T10:45:37","date_gmt":"2017-09-12T08:45:37","guid":{"rendered":"http:\/\/www.biso.fr\/?page_id=401"},"modified":"2023-06-19T17:26:48","modified_gmt":"2023-06-19T15:26:48","slug":"system-h2o-converss","status":"publish","type":"page","link":"https:\/\/www.biso-aquitaine.fr\/index.php\/system-h2o-converss\/","title":{"rendered":"System H\u00b2O Converss"},"content":{"rendered":"\t\t<div data-elementor-type=\"wp-post\" data-elementor-id=\"401\" class=\"elementor elementor-401\">\n\t\t\t\t\t\t<section class=\"elementor-section elementor-top-section elementor-element elementor-element-lacqldt elementor-section-boxed elementor-section-height-default elementor-section-height-default\" data-id=\"lacqldt\" data-element_type=\"section\">\n\t\t\t\t\t\t<div class=\"elementor-container elementor-column-gap-default\">\n\t\t\t\t\t<div class=\"elementor-column elementor-col-100 elementor-top-column elementor-element elementor-element-xfzlwoz\" data-id=\"xfzlwoz\" data-element_type=\"column\">\n\t\t\t<div class=\"elementor-widget-wrap elementor-element-populated\">\n\t\t\t\t\t\t<div class=\"elementor-element elementor-element-7y49827 elementor-widget elementor-widget-image\" data-id=\"7y49827\" data-element_type=\"widget\" data-widget_type=\"image.default\">\n\t\t\t\t<div class=\"elementor-widget-container\">\n\t\t\t\t\t\t\t\t\t\t\t\t\t\t\t\t<a href=\"http:\/\/www.biso.fr\/index.php\/system-h20-2\/\" target=\"_blank\">\n\t\t\t\t\t\t\t<img decoding=\"async\" width=\"300\" height=\"124\" src=\"https:\/\/www.biso-aquitaine.fr\/wp-content\/uploads\/2017\/09\/system-h20-300x124.png\" class=\"attachment-medium size-medium wp-image-165\" alt=\"systemh2o-logo-fournisseur-apfnhygiene\" srcset=\"https:\/\/www.biso-aquitaine.fr\/wp-content\/uploads\/2017\/09\/system-h20-300x124.png 300w, https:\/\/www.biso-aquitaine.fr\/wp-content\/uploads\/2017\/09\/system-h20.png 657w\" sizes=\"(max-width: 300px) 100vw, 300px\" \/>\t\t\t\t\t\t\t\t<\/a>\n\t\t\t\t\t\t\t\t\t\t\t\t\t\t\t<\/div>\n\t\t\t\t<\/div>\n\t\t\t\t<div class=\"elementor-element elementor-element-rhlgyqz elementor-widget elementor-widget-text-editor\" data-id=\"rhlgyqz\" data-element_type=\"widget\" data-widget_type=\"text-editor.default\">\n\t\t\t\t<div class=\"elementor-widget-container\">\n\t\t\t\t\t\t\t\t\t<h2><strong>System H\u00b2O Converss\u00a0: la d\u00e9sinfection au naturel<\/strong><\/h2>\t\t\t\t\t\t\t\t<\/div>\n\t\t\t\t<\/div>\n\t\t\t\t\t<\/div>\n\t\t<\/div>\n\t\t\t\t\t<\/div>\n\t\t<\/section>\n\t\t\t\t<section class=\"elementor-section elementor-top-section elementor-element elementor-element-jrqmbhf elementor-section-boxed elementor-section-height-default elementor-section-height-default\" data-id=\"jrqmbhf\" data-element_type=\"section\">\n\t\t\t\t\t\t<div class=\"elementor-container elementor-column-gap-default\">\n\t\t\t\t\t<div class=\"elementor-column elementor-col-50 elementor-top-column elementor-element elementor-element-xczgaqc\" data-id=\"xczgaqc\" data-element_type=\"column\">\n\t\t\t<div class=\"elementor-widget-wrap elementor-element-populated\">\n\t\t\t\t\t\t<div class=\"elementor-element elementor-element-irxhvez elementor-widget elementor-widget-text-editor\" data-id=\"irxhvez\" data-element_type=\"widget\" data-widget_type=\"text-editor.default\">\n\t\t\t\t<div class=\"elementor-widget-container\">\n\t\t\t\t\t\t\t\t\t<p>Le System H\u00b2O Converss est la derni\u00e8re nouveaut\u00e9 en exclusivit\u00e9 fran\u00e7aise de la marque System H\u00b2O.<\/p><p>Le syst\u00e8me permet de transformer l\u2019eau du r\u00e9seau en nettoyant d\u00e9sinfectant. Pour se faire, il suffit d\u2019additionn\u00e9e un peu de sel m\u00e9nager avec de l&rsquo;eau.\u00a0 On obtient cette solution par une r\u00e9action \u00e9lectro-chimique avec un faible courant \u00e9lectrique. Cette nouveaut\u00e9 est respectueuse de l&rsquo;environnement car elle permet de produire un nettoyant puissant tout en r\u00e9pondant aux normes (par exemple :EN 1276, EN 1275, EN 1040, EN 13727).<\/p><p>Cette solution d\u00e9sinfectante est pour tout l\u2019usage courant.<\/p>\t\t\t\t\t\t\t\t<\/div>\n\t\t\t\t<\/div>\n\t\t\t\t\t<\/div>\n\t\t<\/div>\n\t\t\t\t<div class=\"elementor-column elementor-col-50 elementor-top-column elementor-element elementor-element-as55njw\" data-id=\"as55njw\" data-element_type=\"column\">\n\t\t\t<div class=\"elementor-widget-wrap elementor-element-populated\">\n\t\t\t\t\t\t<div class=\"elementor-element elementor-element-9epf58v elementor-widget elementor-widget-image\" data-id=\"9epf58v\" data-element_type=\"widget\" data-widget_type=\"image.default\">\n\t\t\t\t<div class=\"elementor-widget-container\">\n\t\t\t\t\t\t\t\t\t\t\t\t\t\t\t<img fetchpriority=\"high\" decoding=\"async\" width=\"276\" height=\"270\" src=\"https:\/\/www.biso-aquitaine.fr\/wp-content\/uploads\/2017\/09\/converss9-1.jpg\" class=\"attachment-large size-large wp-image-407\" alt=\"SYSTEM H20 Converss - apfn hygi\u00e8ne\" \/>\t\t\t\t\t\t\t\t\t\t\t\t\t\t\t<\/div>\n\t\t\t\t<\/div>\n\t\t\t\t\t<\/div>\n\t\t<\/div>\n\t\t\t\t\t<\/div>\n\t\t<\/section>\n\t\t\t\t<section class=\"elementor-section elementor-top-section elementor-element elementor-element-qt7c89m elementor-section-boxed elementor-section-height-default elementor-section-height-default\" data-id=\"qt7c89m\" data-element_type=\"section\">\n\t\t\t\t\t\t<div class=\"elementor-container elementor-column-gap-default\">\n\t\t\t\t\t<div class=\"elementor-column elementor-col-100 elementor-top-column elementor-element elementor-element-scfz38g\" data-id=\"scfz38g\" data-element_type=\"column\">\n\t\t\t<div class=\"elementor-widget-wrap elementor-element-populated\">\n\t\t\t\t\t\t<div class=\"elementor-element elementor-element-mt6bdja elementor-widget elementor-widget-video\" data-id=\"mt6bdja\" data-element_type=\"widget\" data-settings=\"{&quot;autoplay&quot;:&quot;yes&quot;,&quot;youtube_url&quot;:&quot;https:\\\/\\\/youtu.be\\\/75t_wUrbFvc&quot;,&quot;video_type&quot;:&quot;youtube&quot;,&quot;controls&quot;:&quot;yes&quot;}\" data-widget_type=\"video.default\">\n\t\t\t\t<div class=\"elementor-widget-container\">\n\t\t\t\t\t\t\t<div class=\"elementor-wrapper elementor-open-inline\">\n\t\t\t<div class=\"elementor-video\"><\/div>\t\t<\/div>\n\t\t\t\t\t\t<\/div>\n\t\t\t\t<\/div>\n\t\t\t\t<div class=\"elementor-element elementor-element-066coh4 elementor-widget elementor-widget-text-editor\" data-id=\"066coh4\" data-element_type=\"widget\" data-widget_type=\"text-editor.default\">\n\t\t\t\t<div class=\"elementor-widget-container\">\n\t\t\t\t\t\t\t\t\t<h2><strong>\u00a0Principe de fonctionnement<\/strong><\/h2><p>Le System H\u00b2O Converss vous permet de produire o\u00f9 vous le souhaitez, avec juste un peu d\u2019eau du robinet et 1 ou 2 grammes de sel, la quantit\u00e9 de nettoyant n\u00e9cessaire \u00e0 votre activit\u00e9. Par cons\u00e9quent, vous r\u00e9alisez des \u00e9conomies. En plus d\u2019\u00eatre \u00e9conomique, vous \u00eates s\u00fbrs de l\u2019efficience de votre solution (pas d\u2019alt\u00e9ration : ni par son stockage, ni par la lumi\u00e8re, ni par son \u00e9vaporation, ni par son oxydation). La solution est donc conforme \u00e0 sa \ufb01che de s\u00e9curit\u00e9 FDS contrairement \u00e0 beaucoup de solutions qui ne le sont pas.<\/p>\t\t\t\t\t\t\t\t<\/div>\n\t\t\t\t<\/div>\n\t\t\t\t<div class=\"elementor-element elementor-element-9hpyp3p elementor-widget elementor-widget-image\" data-id=\"9hpyp3p\" data-element_type=\"widget\" data-widget_type=\"image.default\">\n\t\t\t\t<div class=\"elementor-widget-container\">\n\t\t\t\t\t\t\t\t\t\t\t\t\t\t\t<img decoding=\"async\" width=\"375\" height=\"122\" src=\"https:\/\/www.biso-aquitaine.fr\/wp-content\/uploads\/2017\/09\/converss10-1.jpg\" class=\"attachment-full size-full wp-image-408\" alt=\"SYSTEM H20 Converss - apfn hygi\u00e8ne\" srcset=\"https:\/\/www.biso-aquitaine.fr\/wp-content\/uploads\/2017\/09\/converss10-1.jpg 375w, https:\/\/www.biso-aquitaine.fr\/wp-content\/uploads\/2017\/09\/converss10-1-300x98.jpg 300w\" sizes=\"(max-width: 375px) 100vw, 375px\" \/>\t\t\t\t\t\t\t\t\t\t\t\t\t\t\t<\/div>\n\t\t\t\t<\/div>\n\t\t\t\t<div class=\"elementor-element elementor-element-9oy2gs8 elementor-widget elementor-widget-text-editor\" data-id=\"9oy2gs8\" data-element_type=\"widget\" data-widget_type=\"text-editor.default\">\n\t\t\t\t<div class=\"elementor-widget-container\">\n\t\t\t\t\t\t\t\t\t<h2>\u00a0<strong>Un produit \u00e9conomique<\/strong><\/h2><p>Le System H2O Converss produit soit :<\/p><p>&#8211; avec 1 g de sel et de l\u2019eau du robinet, un vaporisateur de 600 ml de solution.<\/p><p>&#8211;\u00a0 avec 2 g de sel, une carafe de 1200 ml de solution ( a\ufb01n de remplir vos actuels pulv\u00e9risateurs).<\/p><h2><strong>Les points forts du system H\u00b2O Converss<\/strong><\/h2><ul><li>Produit pr\u00eat en moins de 2 minutes.<\/li><li>1 kg de sel (NaCl) vous permet\u00a0 d\u2019\u00e9lectrolyser 1000 vaporisateurs,\u00a0 soit 1 par jour pendant 3 ann\u00e9es pleines.<\/li><li>Gestion des stocks facilit\u00e9e.<\/li><li>Pas de vol, ni \u00e9vaporation, ni alt\u00e9ration de produits.<\/li><li>L\u00e9ger et peu encombrant, il est utilisable par tous.<\/li><li>Aucun entretien.<\/li><li>Garantie : 1 an<\/li><\/ul><p>\u00a0<\/p>\t\t\t\t\t\t\t\t<\/div>\n\t\t\t\t<\/div>\n\t\t\t\t<div class=\"elementor-element elementor-element-t2r1qdg elementor-widget elementor-widget-heading\" data-id=\"t2r1qdg\" data-element_type=\"widget\" data-widget_type=\"heading.default\">\n\t\t\t\t<div class=\"elementor-widget-container\">\n\t\t\t\t\t<h2 class=\"elementor-heading-title elementor-size-default\">Fiche technique<\/h2>\t\t\t\t<\/div>\n\t\t\t\t<\/div>\n\t\t\t\t<div class=\"elementor-element elementor-element-y9w5t5x elementor-widget elementor-widget-text-editor\" data-id=\"y9w5t5x\" data-element_type=\"widget\" data-widget_type=\"text-editor.default\">\n\t\t\t\t<div class=\"elementor-widget-container\">\n\t\t\t\t\t\t\t\t\t<p><a href=\"https:\/\/www.biso-aquitaine.fr\/wp-content\/uploads\/2017\/09\/SYSTEM-H\u00b2O-Converss-Pr\u00e9sentation.pdf\">Fiche technique SYSTEM H\u00b2O Converss<\/a><\/p><p><a href=\"https:\/\/www.biso-aquitaine.fr\/wp-content\/uploads\/2017\/09\/SYSTEM-H\u00b2O-Converss-FDS-SEL-IR2-28042015.pdf\">FDS SEL IR2 28042015 &#8211; SYSTEM H\u00b2O Converss<\/a><\/p><p><a href=\"https:\/\/www.biso-aquitaine.fr\/wp-content\/uploads\/2017\/09\/SYSTEM-H\u00b2O-Converss-FDS-MATERIEL-IR2-28042015.pdf\">FDS MATERIEL IR2 28042015 &#8211; SYSTEM H\u00b2O Converss <\/a><\/p><p><a href=\"https:\/\/www.biso-aquitaine.fr\/wp-content\/uploads\/2017\/09\/SYSTEM-H\u00b2O-Converss-Manuel-dutilisation.pdf\">Manuel d&rsquo;utilisation &#8211; SYSTEM H\u00b2O Converss<\/a><\/p>\t\t\t\t\t\t\t\t<\/div>\n\t\t\t\t<\/div>\n\t\t\t\t\t<\/div>\n\t\t<\/div>\n\t\t\t\t\t<\/div>\n\t\t<\/section>\n\t\t\t\t<\/div>\n\t\t","protected":false},"excerpt":{"rendered":"<div class=\"slide-text-bg2\"><span>System H\u00b2O Converss\u00a0: la d\u00e9sinfection au naturel Le System H\u00b2O Converss est la derni\u00e8re nouveaut\u00e9 en exclusivit\u00e9 fran\u00e7aise de la marque System H\u00b2O<\/span><\/div>\n<div class=\"slide-btn-area-sm\"><a href=\"https:\/\/www.biso-aquitaine.fr\/index.php\/system-h2o-converss\/\" class=\"slide-btn-sm\">Lire la suite<\/a><\/div>\n","protected":false},"author":2,"featured_media":0,"parent":0,"menu_order":0,"comment_status":"closed","ping_status":"closed","template":"","meta":{"footnotes":""},"class_list":["post-401","page","type-page","status-publish","hentry"],"yoast_head":"<!-- This site is optimized with the Yoast SEO plugin v26.8 - https:\/\/yoast.com\/product\/yoast-seo-wordpress\/ -->\n<title>System H\u00b2O Converss - distributeur - apfn hygi\u00e8ne<\/title>\n<meta name=\"description\" content=\"System H\u00b2O Converss vous permet de transformer en 2 minutes de l&#039;eau du r\u00e9seau et un peu de sel m\u00e9nager en un nettoyant d\u00e9sinfectant multi-usage.\" \/>\n<meta name=\"robots\" content=\"index, follow, max-snippet:-1, max-image-preview:large, max-video-preview:-1\" \/>\n<link rel=\"canonical\" href=\"https:\/\/www.biso-aquitaine.fr\/index.php\/system-h2o-converss\/\" \/>\n<meta property=\"og:locale\" content=\"fr_FR\" \/>\n<meta property=\"og:type\" content=\"article\" \/>\n<meta property=\"og:title\" content=\"System H\u00b2O Converss - distributeur - apfn hygi\u00e8ne\" \/>\n<meta property=\"og:description\" content=\"System H\u00b2O Converss vous permet de transformer en 2 minutes de l&#039;eau du r\u00e9seau et un peu de sel m\u00e9nager en un nettoyant d\u00e9sinfectant multi-usage.\" \/>\n<meta property=\"og:url\" content=\"https:\/\/www.biso-aquitaine.fr\/index.php\/system-h2o-converss\/\" \/>\n<meta property=\"article:publisher\" content=\"https:\/\/www.facebook.com\/apfn-hygi%c3%a8ne-145838925596381\/?ref=bookmarks\" \/>\n<meta property=\"article:modified_time\" content=\"2023-06-19T15:26:48+00:00\" \/>\n<meta property=\"og:image\" content=\"https:\/\/www.biso-aquitaine.fr\/wp-content\/uploads\/2017\/09\/system-h20-300x124.png\" \/>\n<meta name=\"twitter:card\" content=\"summary_large_image\" \/>\n<meta name=\"twitter:label1\" content=\"Dur\u00e9e de lecture estim\u00e9e\" \/>\n\t<meta name=\"twitter:data1\" content=\"3 minutes\" \/>\n<script type=\"application\/ld+json\" class=\"yoast-schema-graph\">{\"@context\":\"https:\/\/schema.org\",\"@graph\":[{\"@type\":\"WebPage\",\"@id\":\"https:\/\/www.biso-aquitaine.fr\/index.php\/system-h2o-converss\/\",\"url\":\"https:\/\/www.biso-aquitaine.fr\/index.php\/system-h2o-converss\/\",\"name\":\"System H\u00b2O Converss - distributeur - apfn hygi\u00e8ne\",\"isPartOf\":{\"@id\":\"https:\/\/www.biso-aquitaine.fr\/#website\"},\"primaryImageOfPage\":{\"@id\":\"https:\/\/www.biso-aquitaine.fr\/index.php\/system-h2o-converss\/#primaryimage\"},\"image\":{\"@id\":\"https:\/\/www.biso-aquitaine.fr\/index.php\/system-h2o-converss\/#primaryimage\"},\"thumbnailUrl\":\"https:\/\/www.biso-aquitaine.fr\/wp-content\/uploads\/2017\/09\/system-h20-300x124.png\",\"datePublished\":\"2017-09-12T08:45:37+00:00\",\"dateModified\":\"2023-06-19T15:26:48+00:00\",\"description\":\"System H\u00b2O Converss vous permet de transformer en 2 minutes de l'eau du r\u00e9seau et un peu de sel m\u00e9nager en un nettoyant d\u00e9sinfectant multi-usage.\",\"inLanguage\":\"fr-FR\",\"potentialAction\":[{\"@type\":\"ReadAction\",\"target\":[\"https:\/\/www.biso-aquitaine.fr\/index.php\/system-h2o-converss\/\"]}]},{\"@type\":\"ImageObject\",\"inLanguage\":\"fr-FR\",\"@id\":\"https:\/\/www.biso-aquitaine.fr\/index.php\/system-h2o-converss\/#primaryimage\",\"url\":\"https:\/\/www.biso-aquitaine.fr\/wp-content\/uploads\/2017\/09\/system-h20.png\",\"contentUrl\":\"https:\/\/www.biso-aquitaine.fr\/wp-content\/uploads\/2017\/09\/system-h20.png\",\"width\":657,\"height\":271,\"caption\":\"apfnhygiene est le distributeur de la marque systemh2o.\"},{\"@type\":\"WebSite\",\"@id\":\"https:\/\/www.biso-aquitaine.fr\/#website\",\"url\":\"https:\/\/www.biso-aquitaine.fr\/\",\"name\":\"\",\"description\":\"\",\"potentialAction\":[{\"@type\":\"SearchAction\",\"target\":{\"@type\":\"EntryPoint\",\"urlTemplate\":\"https:\/\/www.biso-aquitaine.fr\/?s={search_term_string}\"},\"query-input\":{\"@type\":\"PropertyValueSpecification\",\"valueRequired\":true,\"valueName\":\"search_term_string\"}}],\"inLanguage\":\"fr-FR\"}]}<\/script>\n<!-- \/ Yoast SEO plugin. -->","yoast_head_json":{"title":"System H\u00b2O Converss - distributeur - apfn hygi\u00e8ne","description":"System H\u00b2O Converss vous permet de transformer en 2 minutes de l'eau du r\u00e9seau et un peu de sel m\u00e9nager en un nettoyant d\u00e9sinfectant multi-usage.","robots":{"index":"index","follow":"follow","max-snippet":"max-snippet:-1","max-image-preview":"max-image-preview:large","max-video-preview":"max-video-preview:-1"},"canonical":"https:\/\/www.biso-aquitaine.fr\/index.php\/system-h2o-converss\/","og_locale":"fr_FR","og_type":"article","og_title":"System H\u00b2O Converss - distributeur - apfn hygi\u00e8ne","og_description":"System H\u00b2O Converss vous permet de transformer en 2 minutes de l'eau du r\u00e9seau et un peu de sel m\u00e9nager en un nettoyant d\u00e9sinfectant multi-usage.","og_url":"https:\/\/www.biso-aquitaine.fr\/index.php\/system-h2o-converss\/","article_publisher":"https:\/\/www.facebook.com\/apfn-hygi%c3%a8ne-145838925596381\/?ref=bookmarks","article_modified_time":"2023-06-19T15:26:48+00:00","og_image":[{"url":"https:\/\/www.biso-aquitaine.fr\/wp-content\/uploads\/2017\/09\/system-h20-300x124.png","type":"","width":"","height":""}],"twitter_card":"summary_large_image","twitter_misc":{"Dur\u00e9e de lecture estim\u00e9e":"3 minutes"},"schema":{"@context":"https:\/\/schema.org","@graph":[{"@type":"WebPage","@id":"https:\/\/www.biso-aquitaine.fr\/index.php\/system-h2o-converss\/","url":"https:\/\/www.biso-aquitaine.fr\/index.php\/system-h2o-converss\/","name":"System H\u00b2O Converss - distributeur - apfn hygi\u00e8ne","isPartOf":{"@id":"https:\/\/www.biso-aquitaine.fr\/#website"},"primaryImageOfPage":{"@id":"https:\/\/www.biso-aquitaine.fr\/index.php\/system-h2o-converss\/#primaryimage"},"image":{"@id":"https:\/\/www.biso-aquitaine.fr\/index.php\/system-h2o-converss\/#primaryimage"},"thumbnailUrl":"https:\/\/www.biso-aquitaine.fr\/wp-content\/uploads\/2017\/09\/system-h20-300x124.png","datePublished":"2017-09-12T08:45:37+00:00","dateModified":"2023-06-19T15:26:48+00:00","description":"System H\u00b2O Converss vous permet de transformer en 2 minutes de l'eau du r\u00e9seau et un peu de sel m\u00e9nager en un nettoyant d\u00e9sinfectant multi-usage.","inLanguage":"fr-FR","potentialAction":[{"@type":"ReadAction","target":["https:\/\/www.biso-aquitaine.fr\/index.php\/system-h2o-converss\/"]}]},{"@type":"ImageObject","inLanguage":"fr-FR","@id":"https:\/\/www.biso-aquitaine.fr\/index.php\/system-h2o-converss\/#primaryimage","url":"https:\/\/www.biso-aquitaine.fr\/wp-content\/uploads\/2017\/09\/system-h20.png","contentUrl":"https:\/\/www.biso-aquitaine.fr\/wp-content\/uploads\/2017\/09\/system-h20.png","width":657,"height":271,"caption":"apfnhygiene est le distributeur de la marque systemh2o."},{"@type":"WebSite","@id":"https:\/\/www.biso-aquitaine.fr\/#website","url":"https:\/\/www.biso-aquitaine.fr\/","name":"","description":"","potentialAction":[{"@type":"SearchAction","target":{"@type":"EntryPoint","urlTemplate":"https:\/\/www.biso-aquitaine.fr\/?s={search_term_string}"},"query-input":{"@type":"PropertyValueSpecification","valueRequired":true,"valueName":"search_term_string"}}],"inLanguage":"fr-FR"}]}},"_links":{"self":[{"href":"https:\/\/www.biso-aquitaine.fr\/index.php\/wp-json\/wp\/v2\/pages\/401","targetHints":{"allow":["GET"]}}],"collection":[{"href":"https:\/\/www.biso-aquitaine.fr\/index.php\/wp-json\/wp\/v2\/pages"}],"about":[{"href":"https:\/\/www.biso-aquitaine.fr\/index.php\/wp-json\/wp\/v2\/types\/page"}],"author":[{"embeddable":true,"href":"https:\/\/www.biso-aquitaine.fr\/index.php\/wp-json\/wp\/v2\/users\/2"}],"replies":[{"embeddable":true,"href":"https:\/\/www.biso-aquitaine.fr\/index.php\/wp-json\/wp\/v2\/comments?post=401"}],"version-history":[{"count":24,"href":"https:\/\/www.biso-aquitaine.fr\/index.php\/wp-json\/wp\/v2\/pages\/401\/revisions"}],"predecessor-version":[{"id":3316,"href":"https:\/\/www.biso-aquitaine.fr\/index.php\/wp-json\/wp\/v2\/pages\/401\/revisions\/3316"}],"wp:attachment":[{"href":"https:\/\/www.biso-aquitaine.fr\/index.php\/wp-json\/wp\/v2\/media?parent=401"}],"curies":[{"name":"wp","href":"https:\/\/api.w.org\/{rel}","templated":true}]}}