{"id":462,"date":"2017-09-13T15:57:41","date_gmt":"2017-09-13T13:57:41","guid":{"rendered":"http:\/\/www.biso.fr\/?page_id=462"},"modified":"2023-06-19T15:28:08","modified_gmt":"2023-06-19T13:28:08","slug":"kaivac-1750-2","status":"publish","type":"page","link":"https:\/\/www.biso-aquitaine.fr\/index.php\/kaivac-1750-2\/","title":{"rendered":"KAIVAC 1750"},"content":{"rendered":"\t\t<div data-elementor-type=\"wp-post\" data-elementor-id=\"462\" class=\"elementor elementor-462\">\n\t\t\t\t\t\t<section class=\"elementor-section elementor-top-section elementor-element elementor-element-rigktmu elementor-section-boxed elementor-section-height-default elementor-section-height-default\" data-id=\"rigktmu\" data-element_type=\"section\">\n\t\t\t\t\t\t<div class=\"elementor-container elementor-column-gap-default\">\n\t\t\t\t\t<div class=\"elementor-column elementor-col-100 elementor-top-column elementor-element elementor-element-rrlioxu\" data-id=\"rrlioxu\" data-element_type=\"column\">\n\t\t\t<div class=\"elementor-widget-wrap elementor-element-populated\">\n\t\t\t\t\t\t<div class=\"elementor-element elementor-element-0y9ccvv elementor-widget elementor-widget-image\" data-id=\"0y9ccvv\" data-element_type=\"widget\" data-widget_type=\"image.default\">\n\t\t\t\t<div class=\"elementor-widget-container\">\n\t\t\t\t\t\t\t\t\t\t\t\t\t\t\t\t<a href=\"http:\/\/www.biso.fr\/index.php\/kaivac-solutions-entretenir-sols\/\" target=\"_blank\">\n\t\t\t\t\t\t\t<img decoding=\"async\" width=\"150\" height=\"150\" src=\"https:\/\/www.biso-aquitaine.fr\/wp-content\/uploads\/2017\/09\/2c0d4f_3acac73073f8486b83c5483e7a49aaabmv2_d_1879_1921_s_2-150x150.jpg\" class=\"attachment-thumbnail size-thumbnail wp-image-157\" alt=\"KAIVAC - distributeur - apfn hygi\u00e8ne\" \/>\t\t\t\t\t\t\t\t<\/a>\n\t\t\t\t\t\t\t\t\t\t\t\t\t\t\t<\/div>\n\t\t\t\t<\/div>\n\t\t\t\t<div class=\"elementor-element elementor-element-wnbklth elementor-widget elementor-widget-text-editor\" data-id=\"wnbklth\" data-element_type=\"widget\" data-widget_type=\"text-editor.default\">\n\t\t\t\t<div class=\"elementor-widget-container\">\n\t\t\t\t\t\t\t\t\t<h2><strong>KAIVAC : un syst\u00e8me de nettoyage sans contact<\/strong><\/h2><div>\u00a0<\/div><div>Tout d&rsquo;abord, le syst\u00e8me KAIVAC est con\u00e7u pour \u00e9liminer le maximum de salissures \u00e0 l\u2019 origine des infections microbiennes. Il combine une diffusion de solution nettoyage avec une technique haute pression et un puissant syst\u00e8me d\u2019 aspiration. Les agents peuvent assurer une propret\u00e9 maximale sans \u00eatre en contact avec les surfaces \u00e0 nettoyer contrairement aux m\u00e9thodes traditionnelles. La m\u00e9thode KAIVAC s\u2019 inscrit dans le cadre d\u2019 une d\u00e9marche de d\u00e9veloppement durable car elle r\u00e9duit la consommation d\u2019 eau et de produits chimiques.<\/div><div>\u00a0<\/div><div>De plus , la m\u00e9thode agit positivement sur le moral des agents car elle est un facteur dans la diminution des accidents de travail ( troubles musculo-squelettiques, glissades ).<\/div><div>\u00a0<\/div><div>Pour finir, le nettoyage sans contact augmente la productivit\u00e9. En effet, selon l\u2019 organisation ISSA, il faut 3 minutes pour nettoyer un \u00e9quipement sanitaire. Avec la m\u00e9thode KAIVAC, il est seulement\u00a0 n\u00e9cessaire d&rsquo;une minute.<\/div><div>\u00a0<\/div><h2><strong>Le syst\u00e8me KAIVAC 1750<\/strong><\/h2>\t\t\t\t\t\t\t\t<\/div>\n\t\t\t\t<\/div>\n\t\t\t\t\t<\/div>\n\t\t<\/div>\n\t\t\t\t\t<\/div>\n\t\t<\/section>\n\t\t\t\t<section class=\"elementor-section elementor-top-section elementor-element elementor-element-c2cgjv8 elementor-section-boxed elementor-section-height-default elementor-section-height-default\" data-id=\"c2cgjv8\" data-element_type=\"section\">\n\t\t\t\t\t\t<div class=\"elementor-container elementor-column-gap-default\">\n\t\t\t\t\t<div class=\"elementor-column elementor-col-50 elementor-top-column elementor-element elementor-element-o7jprwi\" data-id=\"o7jprwi\" data-element_type=\"column\">\n\t\t\t<div class=\"elementor-widget-wrap elementor-element-populated\">\n\t\t\t\t\t\t<div class=\"elementor-element elementor-element-lwjvbxh elementor-widget elementor-widget-text-editor\" data-id=\"lwjvbxh\" data-element_type=\"widget\" data-widget_type=\"text-editor.default\">\n\t\t\t\t<div class=\"elementor-widget-container\">\n\t\t\t\t\t\t\t\t\t<p>L&rsquo; appareil de nettoyage KAIVAC 1750 est un syst\u00e8me con\u00e7u pour la remise en \u00e9tat et l&rsquo;entretien quotidien des toilettes, sanitaires et de toutes les surfaces encombr\u00e9es.<\/p><p>Ce syst\u00e8me permet de nettoyer sans effort toutes les surfaces verticales et horizontales.<\/p><p>L&rsquo;utilisation r\u00e9guli\u00e8re permet de maintenir l&rsquo; \u00e9tat initial des b\u00e2timents et donc de supprimer les co\u00fbts de maintenance et de r\u00e9novation dus \u00e0 un manque d&rsquo; entretien quotidien.<\/p>\t\t\t\t\t\t\t\t<\/div>\n\t\t\t\t<\/div>\n\t\t\t\t\t<\/div>\n\t\t<\/div>\n\t\t\t\t<div class=\"elementor-column elementor-col-50 elementor-top-column elementor-element elementor-element-2qhdi1l\" data-id=\"2qhdi1l\" data-element_type=\"column\">\n\t\t\t<div class=\"elementor-widget-wrap elementor-element-populated\">\n\t\t\t\t\t\t<div class=\"elementor-element elementor-element-uon04l8 elementor-widget elementor-widget-image\" data-id=\"uon04l8\" data-element_type=\"widget\" data-widget_type=\"image.default\">\n\t\t\t\t<div class=\"elementor-widget-container\">\n\t\t\t\t\t\t\t\t\t\t\t\t\t\t\t<img fetchpriority=\"high\" decoding=\"async\" width=\"190\" height=\"359\" src=\"https:\/\/www.biso-aquitaine.fr\/wp-content\/uploads\/2017\/09\/1750-Profile-Right.jpg\" class=\"attachment-large size-large wp-image-594\" alt=\"KAIVAC 1750 - DISTRIBUTEUR -apfn hygi\u00e8ne\" srcset=\"https:\/\/www.biso-aquitaine.fr\/wp-content\/uploads\/2017\/09\/1750-Profile-Right.jpg 190w, https:\/\/www.biso-aquitaine.fr\/wp-content\/uploads\/2017\/09\/1750-Profile-Right-159x300.jpg 159w\" sizes=\"(max-width: 190px) 100vw, 190px\" \/>\t\t\t\t\t\t\t\t\t\t\t\t\t\t\t<\/div>\n\t\t\t\t<\/div>\n\t\t\t\t\t<\/div>\n\t\t<\/div>\n\t\t\t\t\t<\/div>\n\t\t<\/section>\n\t\t\t\t<section class=\"elementor-section elementor-top-section elementor-element elementor-element-jwxn1rc elementor-section-boxed elementor-section-height-default elementor-section-height-default\" data-id=\"jwxn1rc\" data-element_type=\"section\">\n\t\t\t\t\t\t<div class=\"elementor-container elementor-column-gap-default\">\n\t\t\t\t\t<div class=\"elementor-column elementor-col-100 elementor-top-column elementor-element elementor-element-yv2t5tk\" data-id=\"yv2t5tk\" data-element_type=\"column\">\n\t\t\t<div class=\"elementor-widget-wrap elementor-element-populated\">\n\t\t\t\t\t\t<div class=\"elementor-element elementor-element-m53c48o elementor-widget elementor-widget-heading\" data-id=\"m53c48o\" data-element_type=\"widget\" data-widget_type=\"heading.default\">\n\t\t\t\t<div class=\"elementor-widget-container\">\n\t\t\t\t\t<h2 class=\"elementor-heading-title elementor-size-default\">Fiche technique<\/h2>\t\t\t\t<\/div>\n\t\t\t\t<\/div>\n\t\t\t\t<div class=\"elementor-element elementor-element-2b26jnm elementor-widget elementor-widget-text-editor\" data-id=\"2b26jnm\" data-element_type=\"widget\" data-widget_type=\"text-editor.default\">\n\t\t\t\t<div class=\"elementor-widget-container\">\n\t\t\t\t\t\t\t\t\t<p>\u00a0<a href=\"https:\/\/www.biso-aquitaine.fr\/wp-content\/uploads\/2017\/09\/KAIVAC-1750.pdf\">Fiche technique &#8211; KAIVAC 1750<\/a><\/p><p><a href=\"https:\/\/www.biso-aquitaine.fr\/wp-content\/uploads\/2017\/09\/Manuel-dutilisation-KAIVAC-1750.pdf\">Manuel d&rsquo;utilisation &#8211; KAIVAC 1750<\/a><\/p>\t\t\t\t\t\t\t\t<\/div>\n\t\t\t\t<\/div>\n\t\t\t\t\t<\/div>\n\t\t<\/div>\n\t\t\t\t\t<\/div>\n\t\t<\/section>\n\t\t\t\t<\/div>\n\t\t","protected":false},"excerpt":{"rendered":"<div class=\"slide-text-bg2\"><span>KAIVAC : un syst\u00e8me de nettoyage sans contact \u00a0Tout d&rsquo;abord, le syst\u00e8me KAIVAC est con\u00e7u pour \u00e9liminer le maximum de salissures \u00e0 l\u2019 origine <\/span><\/div>\n<div class=\"slide-btn-area-sm\"><a href=\"https:\/\/www.biso-aquitaine.fr\/index.php\/kaivac-1750-2\/\" class=\"slide-btn-sm\">Lire la suite<\/a><\/div>\n","protected":false},"author":2,"featured_media":0,"parent":0,"menu_order":0,"comment_status":"closed","ping_status":"closed","template":"","meta":{"footnotes":""},"class_list":["post-462","page","type-page","status-publish","hentry"],"yoast_head":"<!-- This site is optimized with the Yoast SEO plugin v26.8 - https:\/\/yoast.com\/product\/yoast-seo-wordpress\/ -->\n<title>KAIVAC 1750 - nettoyage - distributeur - apfn hygi\u00e8ne<\/title>\n<meta name=\"description\" content=\"Le syst\u00e8me KAIVAC 1750 est un syst\u00e8me de nettoyage con\u00e7u pour \u00e9liminer le maximum de salissures \u00e0 l\u2019 origine des infections microbiennes.\" \/>\n<meta name=\"robots\" content=\"index, follow, max-snippet:-1, max-image-preview:large, max-video-preview:-1\" \/>\n<link rel=\"canonical\" href=\"https:\/\/www.biso-aquitaine.fr\/index.php\/kaivac-1750-2\/\" \/>\n<meta property=\"og:locale\" content=\"fr_FR\" \/>\n<meta property=\"og:type\" content=\"article\" \/>\n<meta property=\"og:title\" content=\"KAIVAC 1750 - nettoyage - distributeur - apfn hygi\u00e8ne\" \/>\n<meta property=\"og:description\" content=\"Le syst\u00e8me KAIVAC 1750 est un syst\u00e8me de nettoyage con\u00e7u pour \u00e9liminer le maximum de salissures \u00e0 l\u2019 origine des infections microbiennes.\" \/>\n<meta property=\"og:url\" content=\"https:\/\/www.biso-aquitaine.fr\/index.php\/kaivac-1750-2\/\" \/>\n<meta property=\"article:publisher\" content=\"https:\/\/www.facebook.com\/apfn-hygi%c3%a8ne-145838925596381\/?ref=bookmarks\" \/>\n<meta property=\"article:modified_time\" content=\"2023-06-19T13:28:08+00:00\" \/>\n<meta property=\"og:image\" content=\"https:\/\/www.biso-aquitaine.fr\/wp-content\/uploads\/2017\/09\/2c0d4f_3acac73073f8486b83c5483e7a49aaabmv2_d_1879_1921_s_2-150x150.jpg\" \/>\n<meta name=\"twitter:card\" content=\"summary_large_image\" \/>\n<meta name=\"twitter:label1\" content=\"Dur\u00e9e de lecture estim\u00e9e\" \/>\n\t<meta name=\"twitter:data1\" content=\"2 minutes\" \/>\n<script type=\"application\/ld+json\" class=\"yoast-schema-graph\">{\"@context\":\"https:\/\/schema.org\",\"@graph\":[{\"@type\":\"WebPage\",\"@id\":\"https:\/\/www.biso-aquitaine.fr\/index.php\/kaivac-1750-2\/\",\"url\":\"https:\/\/www.biso-aquitaine.fr\/index.php\/kaivac-1750-2\/\",\"name\":\"KAIVAC 1750 - nettoyage - distributeur - apfn hygi\u00e8ne\",\"isPartOf\":{\"@id\":\"https:\/\/www.biso-aquitaine.fr\/#website\"},\"primaryImageOfPage\":{\"@id\":\"https:\/\/www.biso-aquitaine.fr\/index.php\/kaivac-1750-2\/#primaryimage\"},\"image\":{\"@id\":\"https:\/\/www.biso-aquitaine.fr\/index.php\/kaivac-1750-2\/#primaryimage\"},\"thumbnailUrl\":\"https:\/\/www.biso-aquitaine.fr\/wp-content\/uploads\/2017\/09\/2c0d4f_3acac73073f8486b83c5483e7a49aaabmv2_d_1879_1921_s_2-150x150.jpg\",\"datePublished\":\"2017-09-13T13:57:41+00:00\",\"dateModified\":\"2023-06-19T13:28:08+00:00\",\"description\":\"Le syst\u00e8me KAIVAC 1750 est un syst\u00e8me de nettoyage con\u00e7u pour \u00e9liminer le maximum de salissures \u00e0 l\u2019 origine des infections microbiennes.\",\"inLanguage\":\"fr-FR\",\"potentialAction\":[{\"@type\":\"ReadAction\",\"target\":[\"https:\/\/www.biso-aquitaine.fr\/index.php\/kaivac-1750-2\/\"]}]},{\"@type\":\"ImageObject\",\"inLanguage\":\"fr-FR\",\"@id\":\"https:\/\/www.biso-aquitaine.fr\/index.php\/kaivac-1750-2\/#primaryimage\",\"url\":\"https:\/\/www.biso-aquitaine.fr\/wp-content\/uploads\/2017\/09\/2c0d4f_3acac73073f8486b83c5483e7a49aaabmv2_d_1879_1921_s_2.jpg\",\"contentUrl\":\"https:\/\/www.biso-aquitaine.fr\/wp-content\/uploads\/2017\/09\/2c0d4f_3acac73073f8486b83c5483e7a49aaabmv2_d_1879_1921_s_2.jpg\",\"width\":1879,\"height\":1921,\"caption\":\"kaivac-logo-fournisseur-apfnhygiene\"},{\"@type\":\"WebSite\",\"@id\":\"https:\/\/www.biso-aquitaine.fr\/#website\",\"url\":\"https:\/\/www.biso-aquitaine.fr\/\",\"name\":\"\",\"description\":\"\",\"potentialAction\":[{\"@type\":\"SearchAction\",\"target\":{\"@type\":\"EntryPoint\",\"urlTemplate\":\"https:\/\/www.biso-aquitaine.fr\/?s={search_term_string}\"},\"query-input\":{\"@type\":\"PropertyValueSpecification\",\"valueRequired\":true,\"valueName\":\"search_term_string\"}}],\"inLanguage\":\"fr-FR\"}]}<\/script>\n<!-- \/ Yoast SEO plugin. -->","yoast_head_json":{"title":"KAIVAC 1750 - nettoyage - distributeur - apfn hygi\u00e8ne","description":"Le syst\u00e8me KAIVAC 1750 est un syst\u00e8me de nettoyage con\u00e7u pour \u00e9liminer le maximum de salissures \u00e0 l\u2019 origine des infections microbiennes.","robots":{"index":"index","follow":"follow","max-snippet":"max-snippet:-1","max-image-preview":"max-image-preview:large","max-video-preview":"max-video-preview:-1"},"canonical":"https:\/\/www.biso-aquitaine.fr\/index.php\/kaivac-1750-2\/","og_locale":"fr_FR","og_type":"article","og_title":"KAIVAC 1750 - nettoyage - distributeur - apfn hygi\u00e8ne","og_description":"Le syst\u00e8me KAIVAC 1750 est un syst\u00e8me de nettoyage con\u00e7u pour \u00e9liminer le maximum de salissures \u00e0 l\u2019 origine des infections microbiennes.","og_url":"https:\/\/www.biso-aquitaine.fr\/index.php\/kaivac-1750-2\/","article_publisher":"https:\/\/www.facebook.com\/apfn-hygi%c3%a8ne-145838925596381\/?ref=bookmarks","article_modified_time":"2023-06-19T13:28:08+00:00","og_image":[{"url":"https:\/\/www.biso-aquitaine.fr\/wp-content\/uploads\/2017\/09\/2c0d4f_3acac73073f8486b83c5483e7a49aaabmv2_d_1879_1921_s_2-150x150.jpg","type":"","width":"","height":""}],"twitter_card":"summary_large_image","twitter_misc":{"Dur\u00e9e de lecture estim\u00e9e":"2 minutes"},"schema":{"@context":"https:\/\/schema.org","@graph":[{"@type":"WebPage","@id":"https:\/\/www.biso-aquitaine.fr\/index.php\/kaivac-1750-2\/","url":"https:\/\/www.biso-aquitaine.fr\/index.php\/kaivac-1750-2\/","name":"KAIVAC 1750 - nettoyage - distributeur - apfn hygi\u00e8ne","isPartOf":{"@id":"https:\/\/www.biso-aquitaine.fr\/#website"},"primaryImageOfPage":{"@id":"https:\/\/www.biso-aquitaine.fr\/index.php\/kaivac-1750-2\/#primaryimage"},"image":{"@id":"https:\/\/www.biso-aquitaine.fr\/index.php\/kaivac-1750-2\/#primaryimage"},"thumbnailUrl":"https:\/\/www.biso-aquitaine.fr\/wp-content\/uploads\/2017\/09\/2c0d4f_3acac73073f8486b83c5483e7a49aaabmv2_d_1879_1921_s_2-150x150.jpg","datePublished":"2017-09-13T13:57:41+00:00","dateModified":"2023-06-19T13:28:08+00:00","description":"Le syst\u00e8me KAIVAC 1750 est un syst\u00e8me de nettoyage con\u00e7u pour \u00e9liminer le maximum de salissures \u00e0 l\u2019 origine des infections microbiennes.","inLanguage":"fr-FR","potentialAction":[{"@type":"ReadAction","target":["https:\/\/www.biso-aquitaine.fr\/index.php\/kaivac-1750-2\/"]}]},{"@type":"ImageObject","inLanguage":"fr-FR","@id":"https:\/\/www.biso-aquitaine.fr\/index.php\/kaivac-1750-2\/#primaryimage","url":"https:\/\/www.biso-aquitaine.fr\/wp-content\/uploads\/2017\/09\/2c0d4f_3acac73073f8486b83c5483e7a49aaabmv2_d_1879_1921_s_2.jpg","contentUrl":"https:\/\/www.biso-aquitaine.fr\/wp-content\/uploads\/2017\/09\/2c0d4f_3acac73073f8486b83c5483e7a49aaabmv2_d_1879_1921_s_2.jpg","width":1879,"height":1921,"caption":"kaivac-logo-fournisseur-apfnhygiene"},{"@type":"WebSite","@id":"https:\/\/www.biso-aquitaine.fr\/#website","url":"https:\/\/www.biso-aquitaine.fr\/","name":"","description":"","potentialAction":[{"@type":"SearchAction","target":{"@type":"EntryPoint","urlTemplate":"https:\/\/www.biso-aquitaine.fr\/?s={search_term_string}"},"query-input":{"@type":"PropertyValueSpecification","valueRequired":true,"valueName":"search_term_string"}}],"inLanguage":"fr-FR"}]}},"_links":{"self":[{"href":"https:\/\/www.biso-aquitaine.fr\/index.php\/wp-json\/wp\/v2\/pages\/462","targetHints":{"allow":["GET"]}}],"collection":[{"href":"https:\/\/www.biso-aquitaine.fr\/index.php\/wp-json\/wp\/v2\/pages"}],"about":[{"href":"https:\/\/www.biso-aquitaine.fr\/index.php\/wp-json\/wp\/v2\/types\/page"}],"author":[{"embeddable":true,"href":"https:\/\/www.biso-aquitaine.fr\/index.php\/wp-json\/wp\/v2\/users\/2"}],"replies":[{"embeddable":true,"href":"https:\/\/www.biso-aquitaine.fr\/index.php\/wp-json\/wp\/v2\/comments?post=462"}],"version-history":[{"count":10,"href":"https:\/\/www.biso-aquitaine.fr\/index.php\/wp-json\/wp\/v2\/pages\/462\/revisions"}],"predecessor-version":[{"id":3207,"href":"https:\/\/www.biso-aquitaine.fr\/index.php\/wp-json\/wp\/v2\/pages\/462\/revisions\/3207"}],"wp:attachment":[{"href":"https:\/\/www.biso-aquitaine.fr\/index.php\/wp-json\/wp\/v2\/media?parent=462"}],"curies":[{"name":"wp","href":"https:\/\/api.w.org\/{rel}","templated":true}]}}