{"id":501,"date":"2017-09-20T10:50:55","date_gmt":"2017-09-20T08:50:55","guid":{"rendered":"http:\/\/www.biso.fr\/?page_id=501"},"modified":"2017-09-22T16:54:14","modified_gmt":"2017-09-22T14:54:14","slug":"numatic","status":"publish","type":"page","link":"https:\/\/www.biso-aquitaine.fr\/index.php\/numatic\/","title":{"rendered":"NUMATIC"},"content":{"rendered":"\t\t<div data-elementor-type=\"wp-post\" data-elementor-id=\"501\" class=\"elementor elementor-501 elementor-bc-flex-widget\">\n\t\t\t\t\t\t<section class=\"elementor-section elementor-top-section elementor-element elementor-element-jlqulfd elementor-section-boxed elementor-section-height-default elementor-section-height-default\" data-id=\"jlqulfd\" data-element_type=\"section\">\n\t\t\t\t\t\t<div class=\"elementor-container elementor-column-gap-default\">\n\t\t\t\t\t<div class=\"elementor-column elementor-col-100 elementor-top-column elementor-element elementor-element-rkzbogn\" data-id=\"rkzbogn\" data-element_type=\"column\">\n\t\t\t<div class=\"elementor-widget-wrap elementor-element-populated\">\n\t\t\t\t\t\t<div class=\"elementor-element elementor-element-pvlcigj elementor-widget elementor-widget-image\" data-id=\"pvlcigj\" data-element_type=\"widget\" data-widget_type=\"image.default\">\n\t\t\t\t<div class=\"elementor-widget-container\">\n\t\t\t\t\t\t\t\t\t\t\t\t\t\t\t\t<a href=\"http:\/\/www.biso.fr\/index.php\/numatic\/\" target=\"_blank\">\n\t\t\t\t\t\t\t<img decoding=\"async\" width=\"150\" height=\"150\" src=\"https:\/\/www.biso-aquitaine.fr\/wp-content\/uploads\/2017\/09\/2c0d4f_50d0bc97b90549bfb97dde19a1c1399dmv2-150x150.jpg\" class=\"attachment-thumbnail size-thumbnail wp-image-158\" alt=\"numatic international-apfn hygi\u00e8ne\" srcset=\"https:\/\/www.biso-aquitaine.fr\/wp-content\/uploads\/2017\/09\/2c0d4f_50d0bc97b90549bfb97dde19a1c1399dmv2-150x150.jpg 150w, https:\/\/www.biso-aquitaine.fr\/wp-content\/uploads\/2017\/09\/2c0d4f_50d0bc97b90549bfb97dde19a1c1399dmv2.jpg 256w\" sizes=\"(max-width: 150px) 100vw, 150px\" \/>\t\t\t\t\t\t\t\t<\/a>\n\t\t\t\t\t\t\t\t\t\t\t\t\t\t\t<\/div>\n\t\t\t\t<\/div>\n\t\t\t\t<div class=\"elementor-element elementor-element-ovzpoov elementor-widget elementor-widget-text-editor\" data-id=\"ovzpoov\" data-element_type=\"widget\" data-widget_type=\"text-editor.default\">\n\t\t\t\t<div class=\"elementor-widget-container\">\n\t\t\t\t\t\t\t\t\t<h2>La soci\u00e9t\u00e9 NUMATIC International : cr\u00e9ateur d&rsquo;\u00e9motion<\/h2><p><span class=\"st\">La soci\u00e9t\u00e9 Numatic International produit depuis 30 ans une gamme de mat\u00e9riels de nettoyage pour am\u00e9liorer de fa\u00e7on permanente les conditions de travail. <\/span>Le groupe Numatic International est sp\u00e9cialis\u00e9 dans la fabrication et la commercialisation de mat\u00e9riel d&rsquo;aspiration et de nettoyage. Les produits Numatic sont d&rsquo;abord destin\u00e9s aux secteurs professionnel et industriel.<\/p><p>En 1983, Numatic International d\u00e9bute d&rsquo;abord sa commercialisation avec un aspirateur \u00e0 poussi\u00e8re, du nom de Henry. Gr\u00e2ce \u00e0 ses performances irr\u00e9prochables et son sourire malicieux, Henry devient un objet incontournable. Cet aspirateur propulse Numatic dans le secteur du nettoyage domestique.<\/p><p>En 2000, pour r\u00e9pondre \u00e0 l&rsquo;ensemble des besoins du march\u00e9 professionnel, Numatic \u00e9largit son offre de monobrosses, d&rsquo;autolaveuses et de chariots de m\u00e9nage. Toutes ses gammes reposent sur des designs innovants, des normes de fabrication strictes et int\u00e8grent les derni\u00e8res avanc\u00e9es technologiques. En effet, ses produits sont le r\u00e9sultat d&rsquo;un long processus de d\u00e9veloppement. Elles se distinguent par leur technologie novatrice et leur grande fiabilit\u00e9.<\/p><p>La clef du succ\u00e8s de NUMATIC est la relation \u00e9troite qui a \u00e9t\u00e9 tiss\u00e9e avec les clients et les distributeurs.<\/p><p>La volont\u00e9 du groupe est de continuer \u00e0 \u00eatre novateurs. Il souhaite maintenir\u00a0le plus\u00a0haut standard de qualit\u00e9 tout en conservant le meilleur rapport qualit\u00e9-prix.<\/p><p>Numatic est distribu\u00e9 \u00e0 travers le monde. Il est aujourd&rsquo;hui l&rsquo;une des r\u00e9f\u00e9rences majeures dans le secteur du nettoyage et de l&rsquo;hygi\u00e8ne en Europe et dans le monde.<\/p><p><a href=\"http:\/\/www.biso.fr\/wp-content\/uploads\/2017\/09\/Ensemble-catalogue-g\u00e9n\u00e9ral-WEB.pdf\">Catalogue &#8211; NUMATIC<\/a><\/p>\t\t\t\t\t\t\t\t<\/div>\n\t\t\t\t<\/div>\n\t\t\t\t\t<\/div>\n\t\t<\/div>\n\t\t\t\t\t<\/div>\n\t\t<\/section>\n\t\t\t\t<section class=\"elementor-section elementor-top-section elementor-element elementor-element-m2nfgmr elementor-section-boxed elementor-section-height-default elementor-section-height-default\" data-id=\"m2nfgmr\" data-element_type=\"section\">\n\t\t\t\t\t\t<div class=\"elementor-container elementor-column-gap-default\">\n\t\t\t\t\t<div class=\"elementor-column elementor-col-100 elementor-top-column elementor-element elementor-element-i3sktmx\" data-id=\"i3sktmx\" data-element_type=\"column\">\n\t\t\t<div class=\"elementor-widget-wrap elementor-element-populated\">\n\t\t\t\t\t\t<div class=\"elementor-element elementor-element-ewtaavj elementor-widget elementor-widget-image\" data-id=\"ewtaavj\" data-element_type=\"widget\" data-widget_type=\"image.default\">\n\t\t\t\t<div class=\"elementor-widget-container\">\n\t\t\t\t\t\t\t\t\t\t\t\t\t\t\t<img fetchpriority=\"high\" decoding=\"async\" width=\"890\" height=\"343\" src=\"https:\/\/www.biso-aquitaine.fr\/wp-content\/uploads\/2017\/09\/2c0d4f_3acac73073f8486b83c5483e7a49aaabmv2_d_1879_1921_s_2-1.jpg\" class=\"attachment-large size-large wp-image-502\" alt=\"numatic international-apfn hygi\u00e8ne\" srcset=\"https:\/\/www.biso-aquitaine.fr\/wp-content\/uploads\/2017\/09\/2c0d4f_3acac73073f8486b83c5483e7a49aaabmv2_d_1879_1921_s_2-1.jpg 890w, https:\/\/www.biso-aquitaine.fr\/wp-content\/uploads\/2017\/09\/2c0d4f_3acac73073f8486b83c5483e7a49aaabmv2_d_1879_1921_s_2-1-300x116.jpg 300w, https:\/\/www.biso-aquitaine.fr\/wp-content\/uploads\/2017\/09\/2c0d4f_3acac73073f8486b83c5483e7a49aaabmv2_d_1879_1921_s_2-1-768x296.jpg 768w\" sizes=\"(max-width: 890px) 100vw, 890px\" \/>\t\t\t\t\t\t\t\t\t\t\t\t\t\t\t<\/div>\n\t\t\t\t<\/div>\n\t\t\t\t\t<\/div>\n\t\t<\/div>\n\t\t\t\t\t<\/div>\n\t\t<\/section>\n\t\t\t\t<\/div>\n\t\t","protected":false},"excerpt":{"rendered":"<div class=\"slide-text-bg2\"><span>La soci\u00e9t\u00e9 NUMATIC International : cr\u00e9ateur d&rsquo;\u00e9motion La soci\u00e9t\u00e9 Numatic International produit depuis 30 ans une gamme de mat\u00e9riels de nettoya<\/span><\/div>\n<div class=\"slide-btn-area-sm\"><a href=\"https:\/\/www.biso-aquitaine.fr\/index.php\/numatic\/\" class=\"slide-btn-sm\">Lire la suite<\/a><\/div>\n","protected":false},"author":2,"featured_media":0,"parent":0,"menu_order":0,"comment_status":"closed","ping_status":"closed","template":"","meta":{"footnotes":""},"class_list":["post-501","page","type-page","status-publish","hentry"],"yoast_head":"<!-- This site is optimized with the Yoast SEO plugin v26.8 - https:\/\/yoast.com\/product\/yoast-seo-wordpress\/ -->\n<title>NUMATIC International - distributeur -apfn hygi\u00e8ne<\/title>\n<meta name=\"description\" content=\"Le groupe Numatic International est sp\u00e9cialis\u00e9 dans la fabrication et la commercialisation de mat\u00e9riel d&#039;aspiration et de nettoyage.\" \/>\n<meta name=\"robots\" content=\"index, follow, max-snippet:-1, max-image-preview:large, max-video-preview:-1\" \/>\n<link rel=\"canonical\" href=\"https:\/\/www.biso-aquitaine.fr\/index.php\/numatic\/\" \/>\n<meta property=\"og:locale\" content=\"fr_FR\" \/>\n<meta property=\"og:type\" content=\"article\" \/>\n<meta property=\"og:title\" content=\"NUMATIC International - distributeur -apfn hygi\u00e8ne\" \/>\n<meta property=\"og:description\" content=\"Le groupe Numatic International est sp\u00e9cialis\u00e9 dans la fabrication et la commercialisation de mat\u00e9riel d&#039;aspiration et de nettoyage.\" \/>\n<meta property=\"og:url\" content=\"https:\/\/www.biso-aquitaine.fr\/index.php\/numatic\/\" \/>\n<meta property=\"article:publisher\" content=\"https:\/\/www.facebook.com\/apfn-hygi%c3%a8ne-145838925596381\/?ref=bookmarks\" \/>\n<meta property=\"article:modified_time\" content=\"2017-09-22T14:54:14+00:00\" \/>\n<meta property=\"og:image\" content=\"http:\/\/www.biso.fr\/wp-content\/uploads\/2017\/09\/2c0d4f_50d0bc97b90549bfb97dde19a1c1399dmv2-150x150.jpg\" \/>\n<meta name=\"twitter:card\" content=\"summary_large_image\" \/>\n<meta name=\"twitter:label1\" content=\"Dur\u00e9e de lecture estim\u00e9e\" \/>\n\t<meta name=\"twitter:data1\" content=\"1 minute\" \/>\n<script type=\"application\/ld+json\" class=\"yoast-schema-graph\">{\"@context\":\"https:\/\/schema.org\",\"@graph\":[{\"@type\":\"WebPage\",\"@id\":\"https:\/\/www.biso-aquitaine.fr\/index.php\/numatic\/\",\"url\":\"https:\/\/www.biso-aquitaine.fr\/index.php\/numatic\/\",\"name\":\"NUMATIC International - distributeur -apfn hygi\u00e8ne\",\"isPartOf\":{\"@id\":\"https:\/\/www.biso-aquitaine.fr\/#website\"},\"primaryImageOfPage\":{\"@id\":\"https:\/\/www.biso-aquitaine.fr\/index.php\/numatic\/#primaryimage\"},\"image\":{\"@id\":\"https:\/\/www.biso-aquitaine.fr\/index.php\/numatic\/#primaryimage\"},\"thumbnailUrl\":\"http:\/\/www.biso.fr\/wp-content\/uploads\/2017\/09\/2c0d4f_50d0bc97b90549bfb97dde19a1c1399dmv2-150x150.jpg\",\"datePublished\":\"2017-09-20T08:50:55+00:00\",\"dateModified\":\"2017-09-22T14:54:14+00:00\",\"description\":\"Le groupe Numatic International est sp\u00e9cialis\u00e9 dans la fabrication et la commercialisation de mat\u00e9riel d'aspiration et de nettoyage.\",\"inLanguage\":\"fr-FR\",\"potentialAction\":[{\"@type\":\"ReadAction\",\"target\":[\"https:\/\/www.biso-aquitaine.fr\/index.php\/numatic\/\"]}]},{\"@type\":\"ImageObject\",\"inLanguage\":\"fr-FR\",\"@id\":\"https:\/\/www.biso-aquitaine.fr\/index.php\/numatic\/#primaryimage\",\"url\":\"http:\/\/www.biso.fr\/wp-content\/uploads\/2017\/09\/2c0d4f_50d0bc97b90549bfb97dde19a1c1399dmv2-150x150.jpg\",\"contentUrl\":\"http:\/\/www.biso.fr\/wp-content\/uploads\/2017\/09\/2c0d4f_50d0bc97b90549bfb97dde19a1c1399dmv2-150x150.jpg\"},{\"@type\":\"WebSite\",\"@id\":\"https:\/\/www.biso-aquitaine.fr\/#website\",\"url\":\"https:\/\/www.biso-aquitaine.fr\/\",\"name\":\"\",\"description\":\"\",\"potentialAction\":[{\"@type\":\"SearchAction\",\"target\":{\"@type\":\"EntryPoint\",\"urlTemplate\":\"https:\/\/www.biso-aquitaine.fr\/?s={search_term_string}\"},\"query-input\":{\"@type\":\"PropertyValueSpecification\",\"valueRequired\":true,\"valueName\":\"search_term_string\"}}],\"inLanguage\":\"fr-FR\"}]}<\/script>\n<!-- \/ Yoast SEO plugin. -->","yoast_head_json":{"title":"NUMATIC International - distributeur -apfn hygi\u00e8ne","description":"Le groupe Numatic International est sp\u00e9cialis\u00e9 dans la fabrication et la commercialisation de mat\u00e9riel d'aspiration et de nettoyage.","robots":{"index":"index","follow":"follow","max-snippet":"max-snippet:-1","max-image-preview":"max-image-preview:large","max-video-preview":"max-video-preview:-1"},"canonical":"https:\/\/www.biso-aquitaine.fr\/index.php\/numatic\/","og_locale":"fr_FR","og_type":"article","og_title":"NUMATIC International - distributeur -apfn hygi\u00e8ne","og_description":"Le groupe Numatic International est sp\u00e9cialis\u00e9 dans la fabrication et la commercialisation de mat\u00e9riel d'aspiration et de nettoyage.","og_url":"https:\/\/www.biso-aquitaine.fr\/index.php\/numatic\/","article_publisher":"https:\/\/www.facebook.com\/apfn-hygi%c3%a8ne-145838925596381\/?ref=bookmarks","article_modified_time":"2017-09-22T14:54:14+00:00","og_image":[{"url":"http:\/\/www.biso.fr\/wp-content\/uploads\/2017\/09\/2c0d4f_50d0bc97b90549bfb97dde19a1c1399dmv2-150x150.jpg","type":"","width":"","height":""}],"twitter_card":"summary_large_image","twitter_misc":{"Dur\u00e9e de lecture estim\u00e9e":"1 minute"},"schema":{"@context":"https:\/\/schema.org","@graph":[{"@type":"WebPage","@id":"https:\/\/www.biso-aquitaine.fr\/index.php\/numatic\/","url":"https:\/\/www.biso-aquitaine.fr\/index.php\/numatic\/","name":"NUMATIC International - distributeur -apfn hygi\u00e8ne","isPartOf":{"@id":"https:\/\/www.biso-aquitaine.fr\/#website"},"primaryImageOfPage":{"@id":"https:\/\/www.biso-aquitaine.fr\/index.php\/numatic\/#primaryimage"},"image":{"@id":"https:\/\/www.biso-aquitaine.fr\/index.php\/numatic\/#primaryimage"},"thumbnailUrl":"http:\/\/www.biso.fr\/wp-content\/uploads\/2017\/09\/2c0d4f_50d0bc97b90549bfb97dde19a1c1399dmv2-150x150.jpg","datePublished":"2017-09-20T08:50:55+00:00","dateModified":"2017-09-22T14:54:14+00:00","description":"Le groupe Numatic International est sp\u00e9cialis\u00e9 dans la fabrication et la commercialisation de mat\u00e9riel d'aspiration et de nettoyage.","inLanguage":"fr-FR","potentialAction":[{"@type":"ReadAction","target":["https:\/\/www.biso-aquitaine.fr\/index.php\/numatic\/"]}]},{"@type":"ImageObject","inLanguage":"fr-FR","@id":"https:\/\/www.biso-aquitaine.fr\/index.php\/numatic\/#primaryimage","url":"http:\/\/www.biso.fr\/wp-content\/uploads\/2017\/09\/2c0d4f_50d0bc97b90549bfb97dde19a1c1399dmv2-150x150.jpg","contentUrl":"http:\/\/www.biso.fr\/wp-content\/uploads\/2017\/09\/2c0d4f_50d0bc97b90549bfb97dde19a1c1399dmv2-150x150.jpg"},{"@type":"WebSite","@id":"https:\/\/www.biso-aquitaine.fr\/#website","url":"https:\/\/www.biso-aquitaine.fr\/","name":"","description":"","potentialAction":[{"@type":"SearchAction","target":{"@type":"EntryPoint","urlTemplate":"https:\/\/www.biso-aquitaine.fr\/?s={search_term_string}"},"query-input":{"@type":"PropertyValueSpecification","valueRequired":true,"valueName":"search_term_string"}}],"inLanguage":"fr-FR"}]}},"_links":{"self":[{"href":"https:\/\/www.biso-aquitaine.fr\/index.php\/wp-json\/wp\/v2\/pages\/501","targetHints":{"allow":["GET"]}}],"collection":[{"href":"https:\/\/www.biso-aquitaine.fr\/index.php\/wp-json\/wp\/v2\/pages"}],"about":[{"href":"https:\/\/www.biso-aquitaine.fr\/index.php\/wp-json\/wp\/v2\/types\/page"}],"author":[{"embeddable":true,"href":"https:\/\/www.biso-aquitaine.fr\/index.php\/wp-json\/wp\/v2\/users\/2"}],"replies":[{"embeddable":true,"href":"https:\/\/www.biso-aquitaine.fr\/index.php\/wp-json\/wp\/v2\/comments?post=501"}],"version-history":[{"count":12,"href":"https:\/\/www.biso-aquitaine.fr\/index.php\/wp-json\/wp\/v2\/pages\/501\/revisions"}],"predecessor-version":[{"id":690,"href":"https:\/\/www.biso-aquitaine.fr\/index.php\/wp-json\/wp\/v2\/pages\/501\/revisions\/690"}],"wp:attachment":[{"href":"https:\/\/www.biso-aquitaine.fr\/index.php\/wp-json\/wp\/v2\/media?parent=501"}],"curies":[{"name":"wp","href":"https:\/\/api.w.org\/{rel}","templated":true}]}}